Last updated on 2025-02-05 17:50:02 CET.
Flavor | Version | Tinstall | Tcheck | Ttotal | Status | Flags |
---|---|---|---|---|---|---|
r-devel-linux-x86_64-debian-clang | 1.1.0 | 42.50 | 95.10 | 137.60 | NOTE | |
r-devel-linux-x86_64-debian-gcc | 1.1.0 | 30.67 | 70.96 | 101.63 | NOTE | |
r-devel-linux-x86_64-fedora-clang | 1.1.0 | 236.14 | NOTE | |||
r-devel-linux-x86_64-fedora-gcc | 1.1.0 | 242.84 | NOTE | |||
r-devel-windows-x86_64 | 1.1.0 | 46.00 | 119.00 | 165.00 | NOTE | |
r-patched-linux-x86_64 | 1.1.0 | 42.77 | 89.14 | 131.91 | NOTE | |
r-release-linux-x86_64 | 1.1.0 | 41.77 | 87.13 | 128.90 | NOTE | |
r-release-macos-arm64 | 1.1.0 | 67.00 | NOTE | |||
r-release-macos-x86_64 | 1.1.0 | 91.00 | NOTE | |||
r-release-windows-x86_64 | 1.1.0 | 48.00 | 122.00 | 170.00 | NOTE | |
r-oldrel-macos-arm64 | 1.1.0 | 75.00 | NOTE | |||
r-oldrel-macos-x86_64 | 1.1.0 | 111.00 | NOTE | |||
r-oldrel-windows-x86_64 | 1.1.0 | 55.00 | 146.00 | 201.00 | NOTE |
Version: 1.1.0
Check: C++ specification
Result: NOTE
Specified C++11: please drop specification unless essential
Flavors: r-devel-linux-x86_64-debian-clang, r-devel-linux-x86_64-debian-gcc, r-devel-linux-x86_64-fedora-clang, r-devel-linux-x86_64-fedora-gcc, r-devel-windows-x86_64, r-patched-linux-x86_64, r-release-linux-x86_64, r-release-macos-arm64, r-release-macos-x86_64, r-release-windows-x86_64, r-oldrel-macos-arm64, r-oldrel-macos-x86_64, r-oldrel-windows-x86_64