Last updated on 2024-06-29 06:49:47 CEST.
Flavor | Version | Tinstall | Tcheck | Ttotal | Status | Flags |
---|---|---|---|---|---|---|
r-devel-linux-x86_64-debian-clang | 1.3.0 | 39.92 | 327.85 | 367.77 | NOTE | |
r-devel-linux-x86_64-debian-gcc | 1.3.0 | 37.77 | 235.43 | 273.20 | NOTE | |
r-devel-linux-x86_64-fedora-clang | 1.3.0 | 464.17 | NOTE | |||
r-devel-linux-x86_64-fedora-gcc | 1.3.0 | 429.14 | NOTE | |||
r-devel-windows-x86_64 | 1.3.0 | 30.00 | 222.00 | 252.00 | NOTE | |
r-patched-linux-x86_64 | 1.3.0 | 37.28 | 304.81 | 342.09 | NOTE | |
r-release-linux-x86_64 | 1.3.0 | 31.84 | 307.48 | 339.32 | NOTE | |
r-release-macos-arm64 | 1.3.0 | 115.00 | NOTE | |||
r-release-macos-x86_64 | 1.3.0 | 273.00 | NOTE | |||
r-release-windows-x86_64 | 1.3.0 | 30.00 | 223.00 | 253.00 | NOTE | |
r-oldrel-macos-arm64 | 1.3.0 | 121.00 | NOTE | |||
r-oldrel-macos-x86_64 | 1.3.0 | 218.00 | NOTE | |||
r-oldrel-windows-x86_64 | 1.3.0 | 39.00 | 280.00 | 319.00 | NOTE |
Version: 1.3.0
Check: package dependencies
Result: NOTE
Package suggested but not available for checking: ‘cmdstanr’
Flavors: r-devel-linux-x86_64-debian-clang, r-devel-linux-x86_64-debian-gcc, r-devel-linux-x86_64-fedora-clang, r-devel-linux-x86_64-fedora-gcc, r-devel-windows-x86_64, r-patched-linux-x86_64, r-release-linux-x86_64, r-release-macos-arm64, r-release-macos-x86_64, r-release-windows-x86_64, r-oldrel-macos-arm64, r-oldrel-macos-x86_64, r-oldrel-windows-x86_64
Version: 1.3.0
Check: installed package size
Result: NOTE
installed size is 8.0Mb
sub-directories of 1Mb or more:
data 1.0Mb
doc 6.4Mb
Flavors: r-devel-linux-x86_64-fedora-clang, r-devel-windows-x86_64, r-release-macos-arm64, r-release-macos-x86_64, r-release-windows-x86_64, r-oldrel-macos-arm64, r-oldrel-macos-x86_64, r-oldrel-windows-x86_64
Version: 1.3.0
Check: Rd cross-references
Result: NOTE
Undeclared package ‘gtable’ in Rd xrefs
Flavor: r-devel-linux-x86_64-fedora-clang