Last updated on 2025-02-10 17:49:17 CET.
Flavor | Version | Tinstall | Tcheck | Ttotal | Status | Flags |
---|---|---|---|---|---|---|
r-devel-linux-x86_64-debian-clang | 0.0.1 | 1.79 | 19.54 | 21.33 | NOTE | |
r-devel-linux-x86_64-debian-gcc | 0.0.1 | 1.46 | 15.67 | 17.13 | NOTE | |
r-devel-linux-x86_64-fedora-clang | 0.0.1 | 34.48 | NOTE | |||
r-devel-linux-x86_64-fedora-gcc | 0.0.1 | 32.46 | NOTE | |||
r-devel-windows-x86_64 | 0.0.1 | 3.00 | 44.00 | 47.00 | NOTE | |
r-patched-linux-x86_64 | 0.0.1 | 2.04 | 18.49 | 20.53 | NOTE | |
r-release-linux-x86_64 | 0.0.1 | 1.81 | 18.25 | 20.06 | NOTE | |
r-release-macos-arm64 | 0.0.1 | 15.00 | NOTE | |||
r-release-macos-x86_64 | 0.0.1 | 28.00 | NOTE | |||
r-release-windows-x86_64 | 0.0.1 | 4.00 | 44.00 | 48.00 | NOTE | |
r-oldrel-macos-arm64 | 0.0.1 | 15.00 | NOTE | |||
r-oldrel-macos-x86_64 | 0.0.1 | 21.00 | NOTE | |||
r-oldrel-windows-x86_64 | 0.0.1 | 3.00 | 47.00 | 50.00 | NOTE |
Version: 0.0.1
Check: Rd files
Result: NOTE
checkRd: (-1) multivar_joint_shannon_entropy.Rd:20: Lost braces
20 | {\code{table.variables}, \code{table.class}}.
| ^
checkRd: (-1) total_correlation.Rd:20: Lost braces
20 | {\code{table.variables}, \code{table.class}}.
| ^
Flavors: r-devel-linux-x86_64-debian-clang, r-devel-linux-x86_64-debian-gcc, r-devel-linux-x86_64-fedora-clang, r-devel-linux-x86_64-fedora-gcc, r-devel-windows-x86_64, r-patched-linux-x86_64, r-release-linux-x86_64, r-release-macos-arm64, r-release-macos-x86_64, r-release-windows-x86_64
Version: 0.0.1
Check: LazyData
Result: NOTE
'LazyData' is specified without a 'data' directory
Flavors: r-patched-linux-x86_64, r-release-linux-x86_64, r-release-macos-arm64, r-release-macos-x86_64, r-release-windows-x86_64, r-oldrel-macos-arm64, r-oldrel-macos-x86_64, r-oldrel-windows-x86_64