Last updated on 2025-02-05 17:50:02 CET.
Flavor | Version | Tinstall | Tcheck | Ttotal | Status | Flags |
---|---|---|---|---|---|---|
r-devel-linux-x86_64-debian-clang | 0.3.1 | 2.84 | 32.80 | 35.64 | OK | |
r-devel-linux-x86_64-debian-gcc | 0.3.1 | 1.98 | 22.26 | 24.24 | OK | |
r-devel-linux-x86_64-fedora-clang | 0.3.1 | 58.93 | OK | |||
r-devel-linux-x86_64-fedora-gcc | 0.3.1 | 55.31 | OK | |||
r-devel-windows-x86_64 | 0.3.1 | 3.00 | 52.00 | 55.00 | OK | |
r-patched-linux-x86_64 | 0.3.1 | 2.82 | 30.93 | 33.75 | NOTE | |
r-release-linux-x86_64 | 0.3.1 | 2.65 | 30.75 | 33.40 | NOTE | |
r-release-macos-arm64 | 0.3.1 | 19.00 | NOTE | |||
r-release-macos-x86_64 | 0.3.1 | 34.00 | NOTE | |||
r-release-windows-x86_64 | 0.3.1 | 5.00 | 50.00 | 55.00 | NOTE | |
r-oldrel-macos-arm64 | 0.3.1 | 19.00 | NOTE | |||
r-oldrel-macos-x86_64 | 0.3.1 | 30.00 | NOTE | |||
r-oldrel-windows-x86_64 | 0.3.1 | 5.00 | 57.00 | 62.00 | NOTE |
Version: 0.3.1
Check: LazyData
Result: NOTE
'LazyData' is specified without a 'data' directory
Flavors: r-patched-linux-x86_64, r-release-linux-x86_64, r-release-macos-arm64, r-release-macos-x86_64, r-release-windows-x86_64, r-oldrel-macos-arm64, r-oldrel-macos-x86_64, r-oldrel-windows-x86_64