Last updated on 2025-11-04 13:50:20 CET.
| Flavor | Version | Tinstall | Tcheck | Ttotal | Status | Flags |
|---|---|---|---|---|---|---|
| r-devel-linux-x86_64-debian-clang | 3.2.3 | 66.82 | 90.50 | 157.32 | OK | |
| r-devel-linux-x86_64-debian-gcc | 3.2.3 | 45.28 | 61.06 | 106.34 | OK | |
| r-devel-linux-x86_64-fedora-clang | 3.2.3 | 141.00 | 136.99 | 277.99 | OK | |
| r-devel-linux-x86_64-fedora-gcc | 3.2.3 | 139.00 | 127.47 | 266.47 | OK | |
| r-devel-windows-x86_64 | 3.2.3 | 81.00 | 137.00 | 218.00 | OK | |
| r-patched-linux-x86_64 | 3.2.3 | 72.37 | 84.78 | 157.15 | OK | |
| r-release-linux-x86_64 | 3.2.3 | 71.90 | 85.56 | 157.46 | OK | |
| r-release-macos-arm64 | 3.2.3 | 26.00 | 37.00 | 63.00 | OK | |
| r-release-macos-x86_64 | 3.2.3 | 35.00 | 74.00 | 109.00 | OK | |
| r-release-windows-x86_64 | 3.2.3 | 75.00 | 132.00 | 207.00 | OK | |
| r-oldrel-macos-arm64 | 3.2.3 | 32.00 | 47.00 | 79.00 | NOTE | |
| r-oldrel-macos-x86_64 | 3.2.3 | 29.00 | 55.00 | 84.00 | NOTE | |
| r-oldrel-windows-x86_64 | 3.2.3 | 97.00 | 166.00 | 263.00 | OK |
Version: 3.2.3
Check: installed package size
Result: NOTE
installed size is 6.4Mb
sub-directories of 1Mb or more:
data 3.0Mb
libs 2.6Mb
Flavors: r-oldrel-macos-arm64, r-oldrel-macos-x86_64