Last updated on 2025-02-05 17:50:02 CET.
Flavor | Version | Tinstall | Tcheck | Ttotal | Status | Flags |
---|---|---|---|---|---|---|
r-devel-linux-x86_64-debian-clang | 0.1.2 | 3.20 | 16.55 | 19.75 | NOTE | |
r-devel-linux-x86_64-debian-gcc | 0.1.2 | 2.93 | 13.91 | 16.84 | NOTE | |
r-devel-linux-x86_64-fedora-clang | 0.1.2 | 31.90 | NOTE | |||
r-devel-linux-x86_64-fedora-gcc | 0.1.2 | 31.33 | NOTE | |||
r-devel-windows-x86_64 | 0.1.2 | 9.00 | 38.00 | 47.00 | NOTE | |
r-patched-linux-x86_64 | 0.1.2 | 3.48 | 16.25 | 19.73 | NOTE | |
r-release-linux-x86_64 | 0.1.2 | 3.11 | 15.72 | 18.83 | NOTE | |
r-release-macos-arm64 | 0.1.2 | 15.00 | NOTE | |||
r-release-macos-x86_64 | 0.1.2 | 21.00 | NOTE | |||
r-release-windows-x86_64 | 0.1.2 | 6.00 | 37.00 | 43.00 | NOTE | |
r-oldrel-macos-arm64 | 0.1.2 | 17.00 | OK | |||
r-oldrel-macos-x86_64 | 0.1.2 | 23.00 | OK | |||
r-oldrel-windows-x86_64 | 0.1.2 | 7.00 | 37.00 | 44.00 | OK |
Version: 0.1.2
Check: Rd files
Result: NOTE
checkRd: (-1) legacy.Rd:27: Lost braces in \itemize; meant \describe ?
checkRd: (-1) legacy.Rd:28: Lost braces in \itemize; meant \describe ?
checkRd: (-1) legacy.Rd:29: Lost braces in \itemize; meant \describe ?
checkRd: (-1) legacy.Rd:30: Lost braces in \itemize; meant \describe ?
checkRd: (-1) legacy.Rd:31: Lost braces in \itemize; meant \describe ?
checkRd: (-1) legacy.Rd:32: Lost braces in \itemize; meant \describe ?
checkRd: (-1) legacy.Rd:33: Lost braces in \itemize; meant \describe ?
checkRd: (-1) legacy.Rd:34: Lost braces in \itemize; meant \describe ?
checkRd: (-1) legacy.Rd:35: Lost braces in \itemize; meant \describe ?
checkRd: (-1) legacy.Rd:36: Lost braces in \itemize; meant \describe ?
checkRd: (-1) legacy.Rd:37: Lost braces in \itemize; meant \describe ?
checkRd: (-1) legacy.Rd:38: Lost braces in \itemize; meant \describe ?
checkRd: (-1) legacy.Rd:40: Lost braces in \itemize; meant \describe ?
Flavors: r-devel-linux-x86_64-debian-clang, r-devel-linux-x86_64-debian-gcc, r-devel-linux-x86_64-fedora-clang, r-devel-linux-x86_64-fedora-gcc, r-devel-windows-x86_64, r-patched-linux-x86_64, r-release-linux-x86_64, r-release-macos-arm64, r-release-macos-x86_64, r-release-windows-x86_64