CRAN Package Check Results for Package mmibain

Last updated on 2025-11-26 05:51:42 CET.

Flavor Version Tinstall Tcheck Ttotal Status Flags
r-devel-linux-x86_64-debian-clang 0.2.0 2.92 38.43 41.35 NOTE
r-devel-linux-x86_64-debian-gcc 0.2.0 2.23 29.03 31.26 NOTE
r-devel-linux-x86_64-fedora-clang 0.2.0 62.14 NOTE
r-devel-linux-x86_64-fedora-gcc 0.2.0 58.33 NOTE
r-devel-windows-x86_64 0.2.0 6.00 57.00 63.00 NOTE
r-patched-linux-x86_64 0.2.0 3.33 34.60 37.93 NOTE
r-release-linux-x86_64 0.2.0 3.06 34.42 37.48 NOTE
r-release-macos-arm64 0.2.0 NOTE
r-release-macos-x86_64 0.2.0 3.00 40.00 43.00 NOTE
r-release-windows-x86_64 0.2.0 7.00 56.00 63.00 NOTE
r-oldrel-macos-arm64 0.2.0 OK
r-oldrel-macos-x86_64 0.2.0 2.00 27.00 29.00 OK
r-oldrel-windows-x86_64 0.2.0 8.00 72.00 80.00 OK

Check Details

Version: 0.2.0
Check: DESCRIPTION meta-information
Result: NOTE Missing dependency on R >= 4.1.0 because package code uses the pipe |> or function shorthand \(...) syntax added in R 4.1.0. File(s) using such syntax: ‘BF_for_everyone.R’ ‘rc_game_mgmt.R’ Flavors: r-devel-linux-x86_64-debian-clang, r-devel-linux-x86_64-debian-gcc, r-devel-linux-x86_64-fedora-clang, r-devel-linux-x86_64-fedora-gcc, r-devel-windows-x86_64, r-patched-linux-x86_64, r-release-linux-x86_64, r-release-macos-arm64, r-release-macos-x86_64, r-release-windows-x86_64