Last updated on 2024-08-16 06:50:05 CEST.
Flavor | Version | Tinstall | Tcheck | Ttotal | Status | Flags |
---|---|---|---|---|---|---|
r-devel-linux-x86_64-debian-clang | 1.1.2 | 1.93 | 61.27 | 63.20 | NOTE | |
r-devel-linux-x86_64-debian-gcc | 1.1.2 | 2.15 | 43.69 | 45.84 | NOTE | |
r-devel-linux-x86_64-fedora-clang | 1.1.2 | 100.44 | NOTE | |||
r-devel-linux-x86_64-fedora-gcc | 1.1.2 | 101.94 | NOTE | |||
r-devel-windows-x86_64 | 1.1.2 | 4.00 | 89.00 | 93.00 | NOTE | |
r-patched-linux-x86_64 | 1.1.2 | 3.07 | 60.01 | 63.08 | NOTE | |
r-release-linux-x86_64 | 1.1.2 | 2.52 | 62.10 | 64.62 | NOTE | |
r-release-macos-arm64 | 1.1.2 | 33.00 | NOTE | |||
r-release-macos-x86_64 | 1.1.2 | 48.00 | NOTE | |||
r-release-windows-x86_64 | 1.1.2 | 4.00 | 90.00 | 94.00 | NOTE | |
r-oldrel-macos-arm64 | 1.1.2 | 34.00 | OK | |||
r-oldrel-macos-x86_64 | 1.1.2 | 75.00 | OK | |||
r-oldrel-windows-x86_64 | 1.1.2 | 4.00 | 107.00 | 111.00 | OK |
Version: 1.1.2
Check: Rd files
Result: NOTE
checkRd: (-1) refBasedCts.Rd:44: Lost braces
44 | using reference based imputation as proposed by \doi{10.1080/10543406.2013.834911}{Carpenter et al (2013)}. This approach
| ^
Flavors: r-devel-linux-x86_64-debian-clang, r-devel-linux-x86_64-debian-gcc, r-devel-linux-x86_64-fedora-clang, r-devel-linux-x86_64-fedora-gcc, r-devel-windows-x86_64, r-patched-linux-x86_64, r-release-linux-x86_64, r-release-macos-arm64, r-release-macos-x86_64, r-release-windows-x86_64