Last updated on 2024-06-15 17:57:38 CEST.
Flavor | Version | Tinstall | Tcheck | Ttotal | Status | Flags |
---|---|---|---|---|---|---|
r-devel-linux-x86_64-debian-clang | 0.4-5 | 20.65 | 204.74 | 225.39 | OK | |
r-devel-linux-x86_64-debian-gcc | 0.4-5 | 11.89 | 148.61 | 160.50 | OK | |
r-devel-linux-x86_64-fedora-clang | 0.4-5 | 279.11 | OK | |||
r-devel-linux-x86_64-fedora-gcc | 0.4-5 | 274.57 | OK | |||
r-devel-windows-x86_64 | 0.4-5 | 15.00 | 162.00 | 177.00 | OK | |
r-patched-linux-x86_64 | 0.4-5 | 17.76 | 198.41 | 216.17 | OK | |
r-release-linux-x86_64 | 0.4-5 | 18.79 | 190.92 | 209.71 | OK | |
r-release-macos-arm64 | 0.4-5 | 83.00 | OK | |||
r-release-macos-x86_64 | 0.4-5 | 122.00 | OK | |||
r-release-windows-x86_64 | 0.4-5 | 16.00 | 166.00 | 182.00 | OK | |
r-oldrel-macos-arm64 | 0.4-5 | 93.00 | OK | |||
r-oldrel-macos-x86_64 | 0.4-5 | 119.00 | NOTE | |||
r-oldrel-windows-x86_64 | 0.4-5 | 19.00 | 204.00 | 223.00 | OK |
Version: 0.4-5
Check: package dependencies
Result: NOTE
Package suggested but not available for checking: ‘glmmTMB’
Flavor: r-oldrel-macos-x86_64