Last updated on 2025-02-10 17:49:16 CET.
Flavor | Version | Tinstall | Tcheck | Ttotal | Status | Flags |
---|---|---|---|---|---|---|
r-devel-linux-x86_64-debian-clang | 1.0 | 2.37 | 24.28 | 26.65 | NOTE | |
r-devel-linux-x86_64-debian-gcc | 1.0 | 1.54 | 19.42 | 20.96 | NOTE | |
r-devel-linux-x86_64-fedora-clang | 1.0 | 43.11 | OK | |||
r-devel-linux-x86_64-fedora-gcc | 1.0 | 39.87 | OK | |||
r-devel-windows-x86_64 | 1.0 | 4.00 | 52.00 | 56.00 | NOTE | |
r-patched-linux-x86_64 | 1.0 | 4.14 | 22.88 | 27.02 | NOTE | |
r-release-linux-x86_64 | 1.0 | 2.15 | 22.87 | 25.02 | NOTE | |
r-release-macos-arm64 | 1.0 | 18.00 | NOTE | |||
r-release-macos-x86_64 | 1.0 | 26.00 | NOTE | |||
r-release-windows-x86_64 | 1.0 | 5.00 | 53.00 | 58.00 | NOTE | |
r-oldrel-macos-arm64 | 1.0 | 20.00 | NOTE | |||
r-oldrel-macos-x86_64 | 1.0 | 28.00 | NOTE | |||
r-oldrel-windows-x86_64 | 1.0 | 3.00 | 49.00 | 52.00 | NOTE |
Version: 1.0
Check: Rd cross-references
Result: NOTE
Found the following Rd file(s) with Rd \link{} targets missing package
anchors:
mirtsvd.Rd: rotations
Please provide package anchors for all Rd \link{} targets not in the
package itself and the base packages.
Flavors: r-devel-linux-x86_64-debian-clang, r-devel-linux-x86_64-debian-gcc, r-devel-windows-x86_64
Version: 1.0
Check: LazyData
Result: NOTE
'LazyData' is specified without a 'data' directory
Flavors: r-patched-linux-x86_64, r-release-linux-x86_64, r-release-macos-arm64, r-release-macos-x86_64, r-release-windows-x86_64, r-oldrel-macos-arm64, r-oldrel-macos-x86_64, r-oldrel-windows-x86_64