Last updated on 2024-08-16 06:50:05 CEST.
Flavor | Version | Tinstall | Tcheck | Ttotal | Status | Flags |
---|---|---|---|---|---|---|
r-devel-linux-x86_64-debian-clang | 1.42 | 139.92 | 226.74 | 366.66 | OK | |
r-devel-linux-x86_64-debian-gcc | 1.42 | 79.82 | 140.48 | 220.30 | OK | |
r-devel-linux-x86_64-fedora-clang | 1.42 | 568.95 | OK | |||
r-devel-linux-x86_64-fedora-gcc | 1.42 | 584.99 | OK | |||
r-devel-windows-x86_64 | 1.42 | 111.00 | 245.00 | 356.00 | OK | |
r-patched-linux-x86_64 | 1.42 | 128.92 | 210.02 | 338.94 | OK | |
r-release-linux-x86_64 | 1.42 | 127.02 | 218.68 | 345.70 | OK | |
r-release-macos-arm64 | 1.42 | 131.00 | NOTE | |||
r-release-macos-x86_64 | 1.42 | 363.00 | NOTE | |||
r-release-windows-x86_64 | 1.42 | 111.00 | 240.00 | 351.00 | OK | |
r-oldrel-macos-arm64 | 1.42 | 38.00 | ERROR | |||
r-oldrel-macos-x86_64 | 1.42 | 41.00 | ERROR | |||
r-oldrel-windows-x86_64 | 1.42 | 145.00 | 323.00 | 468.00 | OK |
Version: 1.42
Check: installed package size
Result: NOTE
installed size is 9.0Mb
sub-directories of 1Mb or more:
R 2.0Mb
libs 6.3Mb
Flavors: r-release-macos-arm64, r-release-macos-x86_64
Version: 1.42
Check: whether package can be installed
Result: ERROR
Installation failed.
Flavors: r-oldrel-macos-arm64, r-oldrel-macos-x86_64