Last updated on 2025-02-05 17:50:02 CET.
Flavor | Version | Tinstall | Tcheck | Ttotal | Status | Flags |
---|---|---|---|---|---|---|
r-devel-linux-x86_64-debian-clang | 1.0.1 | 2.93 | 29.16 | 32.09 | OK | |
r-devel-linux-x86_64-debian-gcc | 1.0.1 | 2.53 | 22.76 | 25.29 | OK | |
r-devel-linux-x86_64-fedora-clang | 1.0.1 | 52.13 | OK | |||
r-devel-linux-x86_64-fedora-gcc | 1.0.1 | 49.53 | OK | |||
r-devel-windows-x86_64 | 1.0.1 | 6.00 | 58.00 | 64.00 | OK | |
r-patched-linux-x86_64 | 1.0.1 | 2.50 | 28.93 | 31.43 | NOTE | |
r-release-linux-x86_64 | 1.0.1 | 3.52 | 28.54 | 32.06 | NOTE | |
r-release-macos-arm64 | 1.0.1 | 21.00 | NOTE | |||
r-release-macos-x86_64 | 1.0.1 | 30.00 | NOTE | |||
r-release-windows-x86_64 | 1.0.1 | 5.00 | 62.00 | 67.00 | NOTE | |
r-oldrel-macos-arm64 | 1.0.1 | 20.00 | NOTE | |||
r-oldrel-macos-x86_64 | 1.0.1 | 29.00 | NOTE | |||
r-oldrel-windows-x86_64 | 1.0.1 | 5.00 | 58.00 | 63.00 | NOTE |
Version: 1.0.1
Check: LazyData
Result: NOTE
'LazyData' is specified without a 'data' directory
Flavors: r-patched-linux-x86_64, r-release-linux-x86_64, r-release-macos-arm64, r-release-macos-x86_64, r-release-windows-x86_64, r-oldrel-macos-arm64, r-oldrel-macos-x86_64, r-oldrel-windows-x86_64