Last updated on 2025-11-26 05:51:42 CET.
| Flavor | Version | Tinstall | Tcheck | Ttotal | Status | Flags |
|---|---|---|---|---|---|---|
| r-devel-linux-x86_64-debian-clang | 1.1 | 0.39 | 2.92 | 3.31 | ERROR | |
| r-devel-linux-x86_64-debian-gcc | 1.1 | 0.33 | 2.45 | 2.78 | ERROR | |
| r-devel-linux-x86_64-fedora-clang | 1.1 | 3.19 | ERROR | |||
| r-devel-linux-x86_64-fedora-gcc | 1.1 | 2.97 | ERROR | |||
| r-devel-windows-x86_64 | 1.1 | 90.00 | 321.00 | 411.00 | OK | |
| r-patched-linux-x86_64 | 1.1 | 88.83 | 389.64 | 478.47 | OK | |
| r-release-linux-x86_64 | 1.1 | 90.33 | 384.35 | 474.68 | OK | |
| r-release-macos-arm64 | 1.1 | OK | ||||
| r-release-macos-x86_64 | 1.1 | 107.00 | 195.00 | 302.00 | OK | |
| r-release-windows-x86_64 | 1.1 | 89.00 | 319.00 | 408.00 | OK | |
| r-oldrel-macos-arm64 | 1.1 | NOTE | ||||
| r-oldrel-macos-x86_64 | 1.1 | 84.00 | 281.00 | 365.00 | NOTE | |
| r-oldrel-windows-x86_64 | 1.1 | 125.00 | 462.00 | 587.00 | NOTE |
Version: 1.1
Check: package dependencies
Result: ERROR
Package required but not available: ‘mapview’
See section ‘The DESCRIPTION file’ in the ‘Writing R Extensions’
manual.
Flavors: r-devel-linux-x86_64-debian-clang, r-devel-linux-x86_64-debian-gcc, r-devel-linux-x86_64-fedora-clang, r-devel-linux-x86_64-fedora-gcc
Version: 1.1
Check: installed package size
Result: NOTE
installed size is 25.3Mb
sub-directories of 1Mb or more:
doc 3.9Mb
libs 20.7Mb
Flavors: r-oldrel-macos-arm64, r-oldrel-macos-x86_64, r-oldrel-windows-x86_64