Last updated on 2025-06-30 18:49:45 CEST.
Flavor | Version | Tinstall | Tcheck | Ttotal | Status | Flags |
---|---|---|---|---|---|---|
r-devel-linux-x86_64-debian-clang | 1.9-3 | 94.49 | 395.36 | 489.85 | OK | |
r-devel-linux-x86_64-debian-gcc | 1.9-3 | 58.47 | 252.46 | 310.93 | OK | |
r-devel-linux-x86_64-fedora-clang | 1.9-3 | 782.50 | OK | |||
r-devel-linux-x86_64-fedora-gcc | 1.9-3 | 798.56 | OK | |||
r-devel-windows-x86_64 | 1.9-3 | 102.00 | 400.00 | 502.00 | OK | |
r-patched-linux-x86_64 | OK | |||||
r-release-linux-x86_64 | 1.9-3 | 84.57 | 392.48 | 477.05 | OK | |
r-release-macos-arm64 | 1.9-3 | 186.00 | OK | |||
r-release-macos-x86_64 | 1.9-3 | 471.00 | OK | |||
r-release-windows-x86_64 | 1.9-3 | 104.00 | 395.00 | 499.00 | OK | |
r-oldrel-macos-arm64 | 1.9-3 | 187.00 | NOTE | |||
r-oldrel-macos-x86_64 | 1.9-3 | 462.00 | NOTE | |||
r-oldrel-windows-x86_64 | 1.9-3 | 135.00 | 508.00 | 643.00 | OK |
Version: 1.9-3
Check: installed package size
Result: NOTE
installed size is 5.9Mb
sub-directories of 1Mb or more:
R 3.1Mb
libs 1.7Mb
Flavors: r-oldrel-macos-arm64, r-oldrel-macos-x86_64