Last updated on 2025-02-05 17:50:01 CET.
Flavor | Version | Tinstall | Tcheck | Ttotal | Status | Flags |
---|---|---|---|---|---|---|
r-devel-linux-x86_64-debian-clang | 0.2.0 | 2.91 | 58.61 | 61.52 | NOTE | |
r-devel-linux-x86_64-debian-gcc | 0.2.0 | 3.10 | 44.38 | 47.48 | NOTE | |
r-devel-linux-x86_64-fedora-clang | 0.2.0 | 102.63 | NOTE | |||
r-devel-linux-x86_64-fedora-gcc | 0.2.0 | 108.16 | NOTE | |||
r-devel-windows-x86_64 | 0.2.0 | 6.00 | 75.00 | 81.00 | NOTE | |
r-patched-linux-x86_64 | 0.2.0 | 3.40 | 54.71 | 58.11 | OK | |
r-release-linux-x86_64 | 0.2.0 | 3.48 | 56.53 | 60.01 | OK | |
r-release-macos-arm64 | 0.2.0 | 49.00 | OK | |||
r-release-macos-x86_64 | 0.2.0 | 74.00 | OK | |||
r-release-windows-x86_64 | 0.2.0 | 6.00 | 78.00 | 84.00 | OK | |
r-oldrel-macos-arm64 | 0.2.0 | 50.00 | OK | |||
r-oldrel-macos-x86_64 | 0.2.0 | 74.00 | OK | |||
r-oldrel-windows-x86_64 | 0.2.0 | 7.00 | 85.00 | 92.00 | OK |
Version: 0.2.0
Check: DESCRIPTION meta-information
Result: NOTE
Missing dependency on R >= 4.1.0 because package code uses the pipe
|> or function shorthand \(...) syntax added in R 4.1.0.
File(s) using such syntax:
‘aemet_helpers.R’ ‘meteocat_helpers.R’ ‘meteoclimatic_helpers.R’
‘meteogalicia_helpers.R’ ‘ria_helpers.R’ ‘utils.R’
Flavors: r-devel-linux-x86_64-debian-clang, r-devel-linux-x86_64-debian-gcc, r-devel-linux-x86_64-fedora-clang, r-devel-linux-x86_64-fedora-gcc, r-devel-windows-x86_64