CRAN Package Check Results for Package meteoEVT

Last updated on 2025-11-26 05:51:42 CET.

Flavor Version Tinstall Tcheck Ttotal Status Flags
r-devel-linux-x86_64-debian-clang 0.1.0 3.62 33.51 37.13 NOTE
r-devel-linux-x86_64-debian-gcc 0.1.0 2.65 26.67 29.32 NOTE
r-devel-linux-x86_64-fedora-clang 0.1.0 57.10 OK
r-devel-linux-x86_64-fedora-gcc 0.1.0 54.01 OK
r-devel-windows-x86_64 0.1.0 6.00 53.00 59.00 OK
r-patched-linux-x86_64 0.1.0 4.20 31.25 35.45 OK
r-release-linux-x86_64 0.1.0 3.26 30.71 33.97 OK
r-release-macos-arm64 0.1.0 OK
r-release-macos-x86_64 0.1.0 3.00 31.00 34.00 OK
r-release-windows-x86_64 0.1.0 6.00 57.00 63.00 OK
r-oldrel-macos-arm64 0.1.0 OK
r-oldrel-macos-x86_64 0.1.0 3.00 25.00 28.00 OK
r-oldrel-windows-x86_64 0.1.0 6.00 61.00 67.00 OK

Check Details

Version: 0.1.0
Check: CRAN incoming feasibility
Result: NOTE Maintainer: ‘Laura Mack <laum52@zedat.fu-berlin.de>’ The Description field contains <arXiv:2208.11438>]. Please refer to arXiv e-prints via their arXiv DOI <doi:10.48550/arXiv.YYMM.NNNNN>. Flavors: r-devel-linux-x86_64-debian-clang, r-devel-linux-x86_64-debian-gcc