Last updated on 2025-02-10 17:49:16 CET.
Flavor | Version | Tinstall | Tcheck | Ttotal | Status | Flags |
---|---|---|---|---|---|---|
r-devel-linux-x86_64-debian-clang | 2.0-1 | 7.62 | 63.63 | 71.25 | NOTE | |
r-devel-linux-x86_64-debian-gcc | 2.0-1 | 5.46 | 46.76 | 52.22 | NOTE | |
r-devel-linux-x86_64-fedora-clang | 2.0-1 | 112.90 | NOTE | |||
r-devel-linux-x86_64-fedora-gcc | 2.0-1 | 104.68 | NOTE | |||
r-devel-windows-x86_64 | 2.0-1 | 7.00 | 71.00 | 78.00 | NOTE | |
r-patched-linux-x86_64 | 2.0-1 | 6.31 | 64.75 | 71.06 | NOTE | |
r-release-linux-x86_64 | 2.0-1 | 6.74 | 58.37 | 65.11 | NOTE | |
r-release-macos-arm64 | 2.0-1 | 34.00 | NOTE | |||
r-release-macos-x86_64 | 2.0-1 | 49.00 | NOTE | |||
r-release-windows-x86_64 | 2.0-1 | 9.00 | 74.00 | 83.00 | NOTE | |
r-oldrel-macos-arm64 | 2.0-1 | 37.00 | OK | |||
r-oldrel-macos-x86_64 | 2.0-1 | 59.00 | OK | |||
r-oldrel-windows-x86_64 | 2.0-1 | 10.00 | 92.00 | 102.00 | OK |
Version: 2.0-1
Check: Rd files
Result: NOTE
checkRd: (-1) datagenerator.Rd:17: Lost braces; missing escapes or markup?
17 | Returns data frame with \code{n*K} rows (if \code{n} is a scalar), or \code{sum(n)} rows (if \code{n} is a \code{K}-element vector). The data frame contains columns "y", "x1", \dots, "x_{p-1}" and "group" if \code{family="gaussian"}, \code{"binomial"} or \code{"poisson"}; or contains columns "time", "status", "x1", \dots, "x_{p-1}" and "group" if \code{family="cox"}.
| ^
checkRd: (-1) datagenerator.Rd:17: Lost braces; missing escapes or markup?
17 | Returns data frame with \code{n*K} rows (if \code{n} is a scalar), or \code{sum(n)} rows (if \code{n} is a \code{K}-element vector). The data frame contains columns "y", "x1", \dots, "x_{p-1}" and "group" if \code{family="gaussian"}, \code{"binomial"} or \code{"poisson"}; or contains columns "time", "status", "x1", \dots, "x_{p-1}" and "group" if \code{family="cox"}.
| ^
Flavors: r-devel-linux-x86_64-debian-clang, r-devel-linux-x86_64-debian-gcc, r-devel-linux-x86_64-fedora-clang, r-devel-linux-x86_64-fedora-gcc, r-devel-windows-x86_64, r-patched-linux-x86_64, r-release-linux-x86_64, r-release-macos-arm64, r-release-macos-x86_64, r-release-windows-x86_64