Last updated on 2025-02-10 17:49:16 CET.
Flavor | Version | Tinstall | Tcheck | Ttotal | Status | Flags |
---|---|---|---|---|---|---|
r-devel-linux-x86_64-debian-clang | 0.1.0 | 2.13 | 18.99 | 21.12 | OK | |
r-devel-linux-x86_64-debian-gcc | 0.1.0 | 1.62 | 15.23 | 16.85 | OK | |
r-devel-linux-x86_64-fedora-clang | 0.1.0 | 34.84 | NOTE | |||
r-devel-linux-x86_64-fedora-gcc | 0.1.0 | 31.96 | NOTE | |||
r-devel-windows-x86_64 | 0.1.0 | 3.00 | 39.00 | 42.00 | OK | |
r-patched-linux-x86_64 | 0.1.0 | 2.08 | 18.12 | 20.20 | OK | |
r-release-linux-x86_64 | 0.1.0 | 1.79 | 17.85 | 19.64 | OK | |
r-release-macos-arm64 | 0.1.0 | 16.00 | OK | |||
r-release-macos-x86_64 | 0.1.0 | 21.00 | OK | |||
r-release-windows-x86_64 | 0.1.0 | 3.00 | 42.00 | 45.00 | OK | |
r-oldrel-macos-arm64 | 0.1.0 | 16.00 | OK | |||
r-oldrel-macos-x86_64 | 0.1.0 | 20.00 | OK | |||
r-oldrel-windows-x86_64 | 0.1.0 | 3.00 | 44.00 | 47.00 | OK |
Version: 0.1.0
Check: dependencies in R code
Result: NOTE
Namespace in Imports field not imported from: ‘survival’
All declared Imports should be used.
Flavors: r-devel-linux-x86_64-fedora-clang, r-devel-linux-x86_64-fedora-gcc