Last updated on 2025-05-15 18:50:52 CEST.
Flavor | Version | Tinstall | Tcheck | Ttotal | Status | Flags |
---|---|---|---|---|---|---|
r-devel-linux-x86_64-debian-clang | 0.3.3 | 19.27 | 26.43 | 45.70 | NOTE | |
r-devel-linux-x86_64-debian-gcc | 0.3.3 | 12.59 | 21.19 | 33.78 | NOTE | |
r-devel-linux-x86_64-fedora-clang | 0.3.3 | 80.44 | NOTE | |||
r-devel-linux-x86_64-fedora-gcc | 0.3.3 | 76.44 | NOTE | |||
r-devel-windows-x86_64 | 0.3.3 | 23.00 | 63.00 | 86.00 | NOTE | |
r-patched-linux-x86_64 | 0.3.3 | 17.86 | 24.44 | 42.30 | NOTE | |
r-release-linux-x86_64 | 0.3.3 | 19.19 | 24.37 | 43.56 | NOTE | |
r-release-macos-arm64 | 0.3.3 | 29.00 | NOTE | |||
r-release-macos-x86_64 | 0.3.3 | 36.00 | NOTE | |||
r-release-windows-x86_64 | 0.3.3 | 23.00 | 66.00 | 89.00 | NOTE | |
r-oldrel-macos-arm64 | 0.3.3 | 26.00 | NOTE | |||
r-oldrel-macos-x86_64 | 0.3.3 | 33.00 | NOTE | |||
r-oldrel-windows-x86_64 | 0.3.3 | 29.00 | 74.00 | 103.00 | NOTE |
Version: 0.3.3
Check: C++ specification
Result: NOTE
Specified C++11: please drop specification unless essential
Flavors: r-devel-linux-x86_64-debian-clang, r-devel-linux-x86_64-debian-gcc, r-devel-linux-x86_64-fedora-clang, r-devel-linux-x86_64-fedora-gcc, r-devel-windows-x86_64, r-patched-linux-x86_64, r-release-linux-x86_64, r-release-macos-arm64, r-release-macos-x86_64, r-release-windows-x86_64, r-oldrel-macos-arm64, r-oldrel-macos-x86_64, r-oldrel-windows-x86_64