Last updated on 2025-02-05 17:50:01 CET.
Flavor | Version | Tinstall | Tcheck | Ttotal | Status | Flags |
---|---|---|---|---|---|---|
r-devel-linux-x86_64-debian-clang | 0.7.0 | 15.69 | 114.77 | 130.46 | OK | |
r-devel-linux-x86_64-debian-gcc | 0.7.0 | 11.53 | 82.91 | 94.44 | OK | |
r-devel-linux-x86_64-fedora-clang | 0.7.0 | 208.14 | OK | |||
r-devel-linux-x86_64-fedora-gcc | 0.7.0 | 186.69 | OK | |||
r-devel-windows-x86_64 | 0.7.0 | 16.00 | 114.00 | 130.00 | OK | |
r-patched-linux-x86_64 | 0.7.0 | 15.24 | 104.88 | 120.12 | NOTE | |
r-release-linux-x86_64 | 0.7.0 | 14.60 | 104.58 | 119.18 | NOTE | |
r-release-macos-arm64 | 0.7.0 | 51.00 | NOTE | |||
r-release-macos-x86_64 | 0.7.0 | 74.00 | NOTE | |||
r-release-windows-x86_64 | 0.7.0 | 17.00 | 114.00 | 131.00 | NOTE | |
r-oldrel-macos-arm64 | 0.7.0 | 53.00 | NOTE | |||
r-oldrel-macos-x86_64 | 0.7.0 | 93.00 | NOTE | |||
r-oldrel-windows-x86_64 | 0.7.0 | 21.00 | 144.00 | 165.00 | NOTE |
Version: 0.7.0
Check: LazyData
Result: NOTE
'LazyData' is specified without a 'data' directory
Flavors: r-patched-linux-x86_64, r-release-linux-x86_64, r-release-macos-arm64, r-release-macos-x86_64, r-release-windows-x86_64, r-oldrel-macos-arm64, r-oldrel-macos-x86_64, r-oldrel-windows-x86_64