Last updated on 2024-08-16 06:50:04 CEST.
Flavor | Version | Tinstall | Tcheck | Ttotal | Status | Flags |
---|---|---|---|---|---|---|
r-devel-linux-x86_64-debian-clang | 0.1.15 | 8.53 | 101.31 | 109.84 | OK | |
r-devel-linux-x86_64-debian-gcc | 0.1.15 | 7.52 | 71.83 | 79.35 | OK | |
r-devel-linux-x86_64-fedora-clang | 0.1.15 | 172.84 | NOTE | |||
r-devel-linux-x86_64-fedora-gcc | 0.1.15 | 164.03 | NOTE | |||
r-devel-windows-x86_64 | 0.1.15 | 11.00 | 102.00 | 113.00 | OK | |
r-patched-linux-x86_64 | 0.1.15 | 7.74 | 93.06 | 100.80 | OK | |
r-release-linux-x86_64 | 0.1.15 | 8.51 | 94.66 | 103.17 | OK | |
r-release-macos-arm64 | 0.1.15 | 50.00 | OK | |||
r-release-macos-x86_64 | 0.1.15 | 78.00 | OK | |||
r-release-windows-x86_64 | 0.1.15 | 13.00 | 102.00 | 115.00 | OK | |
r-oldrel-macos-arm64 | 0.1.15 | 53.00 | OK | |||
r-oldrel-macos-x86_64 | 0.1.15 | 101.00 | OK | |||
r-oldrel-windows-x86_64 | 0.1.15 | 13.00 | 127.00 | 140.00 | OK |
Version: 0.1.15
Check: dependencies in R code
Result: NOTE
Namespaces in Imports field not imported from:
‘MASS’ ‘lars’ ‘methods’ ‘parallel’ ‘smoothmest’
All declared Imports should be used.
Flavors: r-devel-linux-x86_64-fedora-clang, r-devel-linux-x86_64-fedora-gcc