Last updated on 2025-11-04 13:50:19 CET.
| Flavor | Version | Tinstall | Tcheck | Ttotal | Status | Flags |
|---|---|---|---|---|---|---|
| r-devel-linux-x86_64-debian-clang | 0.1.2 | 6.42 | 77.59 | 84.01 | NOTE | |
| r-devel-linux-x86_64-debian-gcc | 0.1.2 | 4.60 | 55.09 | 59.69 | NOTE | |
| r-devel-linux-x86_64-fedora-clang | 0.1.2 | 14.00 | 112.62 | 126.62 | NOTE | |
| r-devel-linux-x86_64-fedora-gcc | 0.1.2 | 14.00 | 119.90 | 133.90 | NOTE | |
| r-devel-windows-x86_64 | 0.1.2 | 8.00 | 88.00 | 96.00 | OK | |
| r-patched-linux-x86_64 | 0.1.2 | 6.10 | 70.01 | 76.11 | NOTE | |
| r-release-linux-x86_64 | 0.1.2 | 6.10 | 70.66 | 76.76 | NOTE | |
| r-release-macos-arm64 | 0.1.2 | 4.00 | 54.00 | 58.00 | OK | |
| r-release-macos-x86_64 | 0.1.2 | 5.00 | 67.00 | 72.00 | OK | |
| r-release-windows-x86_64 | 0.1.2 | 8.00 | 83.00 | 91.00 | OK | |
| r-oldrel-macos-arm64 | 0.1.2 | 3.00 | 35.00 | 38.00 | OK | |
| r-oldrel-macos-x86_64 | 0.1.2 | 5.00 | 56.00 | 61.00 | OK | |
| r-oldrel-windows-x86_64 | 0.1.2 | 13.00 | 103.00 | 116.00 | OK |
Version: 0.1.2
Check: for non-standard things in the check directory
Result: NOTE
Found the following files/directories:
‘utilities.R’
Flavors: r-devel-linux-x86_64-debian-clang, r-devel-linux-x86_64-debian-gcc, r-devel-linux-x86_64-fedora-clang, r-devel-linux-x86_64-fedora-gcc, r-patched-linux-x86_64, r-release-linux-x86_64