CRAN Package Check Results for Package mathml

Last updated on 2025-02-05 17:50:00 CET.

Flavor Version Tinstall Tcheck Ttotal Status Flags
r-devel-linux-x86_64-debian-clang 1.3 3.40 41.62 45.02 OK
r-devel-linux-x86_64-debian-gcc 1.3 2.34 32.24 34.58 OK
r-devel-linux-x86_64-fedora-clang 1.3 77.17 OK
r-devel-linux-x86_64-fedora-gcc 1.3 83.18 OK
r-devel-windows-x86_64 1.3 8.00 80.00 88.00 OK
r-patched-linux-x86_64 1.3 3.43 39.70 43.13 OK
r-release-linux-x86_64 1.2 3.01 39.59 42.60 OK
r-release-macos-arm64 1.3 38.00 OK
r-release-macos-x86_64 1.3 124.00 ERROR
r-release-windows-x86_64 1.3 7.00 88.00 95.00 OK
r-oldrel-macos-arm64 1.2 29.00 OK
r-oldrel-macos-x86_64 1.2 63.00 OK
r-oldrel-windows-x86_64 1.3 6.00 75.00 81.00 OK

Check Details

Version: 1.3
Check: tests
Result: ERROR Running ‘testthat.R’ [8s/14s] Running the tests in ‘tests/testthat.R’ failed. Complete output: > library(testthat) > library(mathml) Loading required package: rolog Found SWI-Prolog at /Volumes/Builds/packages/big-sur-x86_64/Rlib/4.4/rswipl/swipl/lib/swipl Welcome to SWI-Prolog (NANAversion NA) Loading required package: knitr Warning messages: 1: In .once(query, options, env) : cannot convert threaded, to float 2: In .once(query, options, env) : cannot convert 64 bits, to float 3: In .once(query, options, env) : cannot convert 9.3.18 to float > > test_check("mathml") [ FAIL 141 | WARN 293 | SKIP 0 | PASS 0 ] ══ Failed tests ════════════════════════════════════════════════════════════════ ── Failure ('test-mathml.R:6:13'): strings ───────────────────────────────────── `q` (`actual`) not equal to "<math><mtext>text</mtext></math>" (`expected`). `actual`: "NA" `expected`: "<math><mtext>text</mtext></math>" ── Failure ('test-mathml.R:12:13'): atoms ────────────────────────────────────── `q` (`actual`) not equal to "<math><mi>atom</mi></math>" (`expected`). `actual`: "NA" `expected`: "<math><mi>atom</mi></math>" ── Failure ('test-mathml.R:18:13'): greek ────────────────────────────────────── `q` (`actual`) not equal to "<math><mi>&pi;</mi></math>" (`expected`). `actual`: "NA" `expected`: "<math><mi>&pi;</mi></math>" ── Failure ('test-mathml.R:24:13'): calligraphy ──────────────────────────────── `q` (`actual`) not equal to "<math><mrow><mi>K</mi><mo>&isin;</mo><mi mathvariant=\"script\">K</mi></mrow></math>" (`expected`). actual vs expected - "NA" + "<math><mrow><mi>K</mi><mo>&isin;</mo><mi mathvariant=\"script\">K</mi></mrow></math>" ── Failure ('test-mathml.R:30:13'): calligraphy ──────────────────────────────── `q` (`actual`) not equal to "<math><mrow><mi>K</mi><mo>&isin;</mo><mi mathvariant=\"script\">K</mi></mrow></math>" (`expected`). actual vs expected - "NA" + "<math><mrow><mi>K</mi><mo>&isin;</mo><mi mathvariant=\"script\">K</mi></mrow></math>" ── Failure ('test-mathml.R:36:13'): absx ─────────────────────────────────────── `q` (`actual`) not equal to "<math><mrow><mo>&vert;</mo><mi>x</mi><mo>&vert;</mo></mrow></math>" (`expected`). `actual`: "NA" `expected`: "<math><mrow><mo>&vert;</mo><mi>x</mi><mo>&vert;</mo></mrow></math>" ── Failure ('test-mathml.R:42:13'): absgreek ─────────────────────────────────── `q` (`actual`) not equal to "<math><mrow><mo>&vert;</mo><mi>&alpha;</mi><mo>&vert;</mo></mrow></math>" (`expected`). actual vs expected - "NA" + "<math><mrow><mo>&vert;</mo><mi>&alpha;</mi><mo>&vert;</mo></mrow></math>" ── Failure ('test-mathml.R:48:13'): signx ────────────────────────────────────── `q` (`actual`) not equal to "<math><mrow><mi>sgn</mi><mo>&af;</mo><mi>x</mi></mrow></math>" (`expected`). `actual`: "NA" `expected`: "<math><mrow><mi>sgn</mi><mo>&af;</mo><mi>x</mi></mrow></math>" ── Failure ('test-mathml.R:54:13'): signgreek ────────────────────────────────── `q` (`actual`) not equal to "<math><mrow><mi>sgn</mi><mo>&af;</mo><mi>&alpha;</mi></mrow></math>" (`expected`). actual vs expected - "NA" + "<math><mrow><mi>sgn</mi><mo>&af;</mo><mi>&alpha;</mi></mrow></math>" ── Failure ('test-mathml.R:60:13'): sqrtnum ──────────────────────────────────── `q` (`actual`) not equal to "<math><msqrt><mn>2</mn></msqrt></math>" (`expected`). `actual`: "NA" `expected`: "<math><msqrt><mn>2</mn></msqrt></math>" ── Failure ('test-mathml.R:66:13'): sqrtalpha ────────────────────────────────── `q` (`actual`) not equal to "<math><msqrt><mi>&alpha;</mi></msqrt></math>" (`expected`). `actual`: "NA" `expected`: "<math><msqrt><mi>&alpha;</mi></msqrt></math>" ── Failure ('test-mathml.R:72:13'): sin(pi/2) ────────────────────────────────── `q` (`actual`) not equal to "<math><mrow><mi>sin</mi><mo>&af;</mo><mrow><mo>(</mo><mrow><mi>&pi;</mi><mo>/</mo><mn>2</mn></mrow><mo>)</mo></mrow></mrow></math>" (`expected`). actual vs expected - "NA" + "<math><mrow><mi>sin</mi><mo>&af;</mo><mrow><mo>(</mo><mrow><mi>&pi;</mi><mo>/</mo><mn>2</mn></mrow><mo>)</mo></mrow></mrow></math>" ── Failure ('test-mathml.R:78:13'): cos(pi/2) ────────────────────────────────── `q` (`actual`) not equal to "<math><mrow><mi>cos</mi><mo>&af;</mo><mrow><mo>(</mo><mrow><mi>&pi;</mi><mo>/</mo><mn>2</mn></mrow><mo>)</mo></mrow></mrow></math>" (`expected`). actual vs expected - "NA" + "<math><mrow><mi>cos</mi><mo>&af;</mo><mrow><mo>(</mo><mrow><mi>&pi;</mi><mo>/</mo><mn>2</mn></mrow><mo>)</mo></mrow></mrow></math>" ── Failure ('test-mathml.R:84:13'): tan(pi/2) ────────────────────────────────── `q` (`actual`) not equal to "<math><mrow><mi>tan</mi><mo>&af;</mo><mrow><mo>(</mo><mrow><mi>&pi;</mi><mo>/</mo><mn>2</mn></mrow><mo>)</mo></mrow></mrow></math>" (`expected`). actual vs expected - "NA" + "<math><mrow><mi>tan</mi><mo>&af;</mo><mrow><mo>(</mo><mrow><mi>&pi;</mi><mo>/</mo><mn>2</mn></mrow><mo>)</mo></mrow></mrow></math>" ── Failure ('test-mathml.R:90:13'): asin(1/2*sqrt2) ──────────────────────────── `q` (`actual`) not equal to "<math><mrow><msup><mi>sin</mi><mrow><mo>-</mo><mn>1</mn></mrow></msup><mo>&af;</mo><mrow><mo>(</mo><mrow><mrow><mn>1</mn><mo>/</mo><mn>2</mn></mrow><mo>&sdot;</mo><msqrt><mn>2</mn></msqrt></mrow><mo>)</mo></mrow></mrow></math>" (`expected`). actual vs expected - "NA" + "<math><mrow><msup><mi>sin</mi><mrow><mo>-</mo><mn>1</mn></mrow></msup><mo>&af;</mo><mrow><mo>(</mo><mrow><mrow><mn>1</mn><mo>/</mo><mn>2</mn></mrow><mo>&sdot;</mo><msqrt><mn>2</mn></msqrt></mrow><mo>)</mo></mrow></mrow></math>" ── Failure ('test-mathml.R:96:13'): acos(1/2*sqrt2) ──────────────────────────── `q` (`actual`) not equal to "<math><mrow><msup><mi>cos</mi><mrow><mo>-</mo><mn>1</mn></mrow></msup><mo>&af;</mo><mrow><mo>(</mo><mrow><mrow><mn>1</mn><mo>/</mo><mn>2</mn></mrow><mo>&sdot;</mo><msqrt><mn>2</mn></msqrt></mrow><mo>)</mo></mrow></mrow></math>" (`expected`). actual vs expected - "NA" + "<math><mrow><msup><mi>cos</mi><mrow><mo>-</mo><mn>1</mn></mrow></msup><mo>&af;</mo><mrow><mo>(</mo><mrow><mrow><mn>1</mn><mo>/</mo><mn>2</mn></mrow><mo>&sdot;</mo><msqrt><mn>2</mn></msqrt></mrow><mo>)</mo></mrow></mrow></math>" ── Failure ('test-mathml.R:102:13'): atan(1/2*sqrt2) ─────────────────────────── `q` (`actual`) not equal to "<math><mrow><msup><mi>tan</mi><mrow><mo>-</mo><mn>1</mn></mrow></msup><mo>&af;</mo><mrow><mo>(</mo><mrow><mrow><mn>1</mn><mo>/</mo><mn>2</mn></mrow><mo>&sdot;</mo><msqrt><mn>2</mn></msqrt></mrow><mo>)</mo></mrow></mrow></math>" (`expected`). actual vs expected - "NA" + "<math><mrow><msup><mi>tan</mi><mrow><mo>-</mo><mn>1</mn></mrow></msup><mo>&af;</mo><mrow><mo>(</mo><mrow><mrow><mn>1</mn><mo>/</mo><mn>2</mn></mrow><mo>&sdot;</mo><msqrt><mn>2</mn></msqrt></mrow><mo>)</mo></mrow></mrow></math>" ── Failure ('test-mathml.R:108:13'): atan(1/2*sqrt3) ─────────────────────────── `q` (`actual`) not equal to "<math><mrow><msup><mi>tan</mi><mrow><mo>-</mo><mn>1</mn></mrow></msup><mo>&af;</mo><mrow><mo>(</mo><mrow><mrow><mn>1</mn><mo>/</mo><mn>2</mn></mrow><mo>&sdot;</mo><msqrt><mn>3</mn></msqrt></mrow><mo>)</mo></mrow></mrow></math>" (`expected`). actual vs expected - "NA" + "<math><mrow><msup><mi>tan</mi><mrow><mo>-</mo><mn>1</mn></mrow></msup><mo>&af;</mo><mrow><mo>(</mo><mrow><mrow><mn>1</mn><mo>/</mo><mn>2</mn></mrow><mo>&sdot;</mo><msqrt><mn>3</mn></msqrt></mrow><mo>)</mo></mrow></mrow></math>" ── Failure ('test-mathml.R:114:13'): singreek(num) ───────────────────────────── `q` (`actual`) not equal to "<math><mrow><mi>sin</mi><mo>&af;</mo><mrow><mo>(</mo><mrow><mn>2</mn><mo>&#x2062;</mo><mi>&pi;</mi></mrow><mo>)</mo></mrow></mrow></math>" (`expected`). actual vs expected - "NA" + "<math><mrow><mi>sin</mi><mo>&af;</mo><mrow><mo>(</mo><mrow><mn>2</mn><mo>&#x2062;</mo><mi>&pi;</mi></mrow><mo>)</mo></mrow></mrow></math>" ── Failure ('test-mathml.R:120:13'): cosgreek(num) ───────────────────────────── `q` (`actual`) not equal to "<math><mrow><mi>cos</mi><mo>&af;</mo><mrow><mo>(</mo><mrow><mn>2</mn><mo>&#x2062;</mo><mi>&pi;</mi></mrow><mo>)</mo></mrow></mrow></math>" (`expected`). actual vs expected - "NA" + "<math><mrow><mi>cos</mi><mo>&af;</mo><mrow><mo>(</mo><mrow><mn>2</mn><mo>&#x2062;</mo><mi>&pi;</mi></mrow><mo>)</mo></mrow></mrow></math>" ── Failure ('test-mathml.R:126:13'): tangreek(num) ───────────────────────────── `q` (`actual`) not equal to "<math><mrow><mi>tan</mi><mo>&af;</mo><mrow><mo>(</mo><mrow><mn>2</mn><mo>&#x2062;</mo><mi>&pi;</mi></mrow><mo>)</mo></mrow></mrow></math>" (`expected`). actual vs expected - "NA" + "<math><mrow><mi>tan</mi><mo>&af;</mo><mrow><mo>(</mo><mrow><mn>2</mn><mo>&#x2062;</mo><mi>&pi;</mi></mrow><mo>)</mo></mrow></mrow></math>" ── Failure ('test-mathml.R:132:13'): sinhx ───────────────────────────────────── `q` (`actual`) not equal to "<math><mrow><mi>sinh</mi><mo>&af;</mo><mi>x</mi></mrow></math>" (`expected`). `actual`: "NA" `expected`: "<math><mrow><mi>sinh</mi><mo>&af;</mo><mi>x</mi></mrow></math>" ── Failure ('test-mathml.R:138:13'): coshx ───────────────────────────────────── `q` (`actual`) not equal to "<math><mrow><mi>cosh</mi><mo>&af;</mo><mi>x</mi></mrow></math>" (`expected`). `actual`: "NA" `expected`: "<math><mrow><mi>cosh</mi><mo>&af;</mo><mi>x</mi></mrow></math>" ── Failure ('test-mathml.R:144:13'): tanhx ───────────────────────────────────── `q` (`actual`) not equal to "<math><mrow><mi>tanh</mi><mo>&af;</mo><mi>x</mi></mrow></math>" (`expected`). `actual`: "NA" `expected`: "<math><mrow><mi>tanh</mi><mo>&af;</mo><mi>x</mi></mrow></math>" ── Failure ('test-mathml.R:150:13'): asinhx ──────────────────────────────────── `q` (`actual`) not equal to "<math><mrow><msup><mi>sinh</mi><mrow><mo>-</mo><mn>1</mn></mrow></msup><mo>&af;</mo><mi>x</mi></mrow></math>" (`expected`). actual vs expected - "NA" + "<math><mrow><msup><mi>sinh</mi><mrow><mo>-</mo><mn>1</mn></mrow></msup><mo>&af;</mo><mi>x</mi></mrow></math>" ── Failure ('test-mathml.R:156:13'): acoshx ──────────────────────────────────── `q` (`actual`) not equal to "<math><mrow><msup><mi>cosh</mi><mrow><mo>-</mo><mn>1</mn></mrow></msup><mo>&af;</mo><mi>x</mi></mrow></math>" (`expected`). actual vs expected - "NA" + "<math><mrow><msup><mi>cosh</mi><mrow><mo>-</mo><mn>1</mn></mrow></msup><mo>&af;</mo><mi>x</mi></mrow></math>" ── Failure ('test-mathml.R:162:13'): atanhx ──────────────────────────────────── `q` (`actual`) not equal to "<math><mrow><msup><mi>tanh</mi><mrow><mo>-</mo><mn>1</mn></mrow></msup><mo>&af;</mo><mi>x</mi></mrow></math>" (`expected`). actual vs expected - "NA" + "<math><mrow><msup><mi>tanh</mi><mrow><mo>-</mo><mn>1</mn></mrow></msup><mo>&af;</mo><mi>x</mi></mrow></math>" ── Failure ('test-mathml.R:168:13'): allx ────────────────────────────────────── `q` (`actual`) not equal to "<math><mrow><mo>&ForAll;</mo><mo>&af;</mo><mi>x</mi></mrow></math>" (`expected`). `actual`: "NA" `expected`: "<math><mrow><mo>&ForAll;</mo><mo>&af;</mo><mi>x</mi></mrow></math>" ── Failure ('test-mathml.R:174:13'): anyx ────────────────────────────────────── `q` (`actual`) not equal to "<math><mrow><mo>&Exists;</mo><mo>&af;</mo><mi>x</mi></mrow></math>" (`expected`). `actual`: "NA" `expected`: "<math><mrow><mo>&Exists;</mo><mo>&af;</mo><mi>x</mi></mrow></math>" ── Failure ('test-mathml.R:180:13'): besselInu(x) ────────────────────────────── `q` (`actual`) not equal to "<math><mrow><msub><mi>I</mi><mi>&nu;</mi></msub><mo>&af;</mo><mrow><mo>(</mo><mi>x</mi><mo>)</mo></mrow></mrow></math>" (`expected`). actual vs expected - "NA" + "<math><mrow><msub><mi>I</mi><mi>&nu;</mi></msub><mo>&af;</mo><mrow><mo>(</mo><mi>x</mi><mo>)</mo></mrow></mrow></math>" ── Failure ('test-mathml.R:186:13'): besselKnu(x) ────────────────────────────── `q` (`actual`) not equal to "<math><mrow><msub><mi>K</mi><mi>&nu;</mi></msub><mo>&af;</mo><mrow><mo>(</mo><mi>x</mi><mo>)</mo></mrow></mrow></math>" (`expected`). actual vs expected - "NA" + "<math><mrow><msub><mi>K</mi><mi>&nu;</mi></msub><mo>&af;</mo><mrow><mo>(</mo><mi>x</mi><mo>)</mo></mrow></mrow></math>" ── Failure ('test-mathml.R:192:13'): besselKnu(x) ────────────────────────────── `q` (`actual`) not equal to "<math><mrow><msub><mi>K</mi><mi>&nu;</mi></msub><mo>&af;</mo><mrow><mo>(</mo><mi>x</mi><mo>)</mo></mrow></mrow></math>" (`expected`). actual vs expected - "NA" + "<math><mrow><msub><mi>K</mi><mi>&nu;</mi></msub><mo>&af;</mo><mrow><mo>(</mo><mi>x</mi><mo>)</mo></mrow></mrow></math>" ── Failure ('test-mathml.R:198:13'): besselJnu(x) ────────────────────────────── `q` (`actual`) not equal to "<math><mrow><msub><mi>J</mi><mi>&nu;</mi></msub><mo>&af;</mo><mrow><mo>(</mo><mi>x</mi><mo>)</mo></mrow></mrow></math>" (`expected`). actual vs expected - "NA" + "<math><mrow><msub><mi>J</mi><mi>&nu;</mi></msub><mo>&af;</mo><mrow><mo>(</mo><mi>x</mi><mo>)</mo></mrow></mrow></math>" ── Failure ('test-mathml.R:204:13'): besselYnu(x) ────────────────────────────── `q` (`actual`) not equal to "<math><mrow><msub><mi>Y</mi><mi>&nu;</mi></msub><mo>&af;</mo><mrow><mo>(</mo><mi>x</mi><mo>)</mo></mrow></mrow></math>" (`expected`). actual vs expected - "NA" + "<math><mrow><msub><mi>Y</mi><mi>&nu;</mi></msub><mo>&af;</mo><mrow><mo>(</mo><mi>x</mi><mo>)</mo></mrow></mrow></math>" ── Failure ('test-mathml.R:210:13'): beta(a,b) ───────────────────────────────── `q` (`actual`) not equal to "<math><mrow><mi>B</mi><mo>&af;</mo><mrow><mo>(</mo><mrow><mi>a</mi><mo>,</mo><mi>b</mi></mrow><mo>)</mo></mrow></mrow></math>" (`expected`). actual vs expected - "NA" + "<math><mrow><mi>B</mi><mo>&af;</mo><mrow><mo>(</mo><mrow><mi>a</mi><mo>,</mo><mi>b</mi></mrow><mo>)</mo></mrow></mrow></math>" ── Failure ('test-mathml.R:216:13'): lbeta(a,b) ──────────────────────────────── `q` (`actual`) not equal to "<math><mrow><mi>log</mi><mo>&af;</mo><mrow><mi>B</mi><mo>&af;</mo><mrow><mo>(</mo><mrow><mi>a</mi><mo>,</mo><mi>b</mi></mrow><mo>)</mo></mrow></mrow></mrow></math>" (`expected`). actual vs expected - "NA" + "<math><mrow><mi>log</mi><mo>&af;</mo><mrow><mi>B</mi><mo>&af;</mo><mrow><mo>(</mo><mrow><mi>a</mi><mo>,</mo><mi>b</mi></mrow><mo>)</mo></mrow></mrow></mrow></math>" ── Failure ('test-mathml.R:222:13'): gammax ──────────────────────────────────── `q` (`actual`) not equal to "<math><mrow><mi>&Gamma;</mi><mo>&af;</mo><mrow><mo>(</mo><mi>x</mi><mo>)</mo></mrow></mrow></math>" (`expected`). actual vs expected - "NA" + "<math><mrow><mi>&Gamma;</mi><mo>&af;</mo><mrow><mo>(</mo><mi>x</mi><mo>)</mo></mrow></mrow></math>" ── Failure ('test-mathml.R:228:13'): lgammax ─────────────────────────────────── `q` (`actual`) not equal to "<math><mrow><mi>log</mi><mo>&af;</mo><mrow><mi>&Gamma;</mi><mo>&af;</mo><mrow><mo>(</mo><mi>x</mi><mo>)</mo></mrow></mrow></mrow></math>" (`expected`). actual vs expected - "NA" + "<math><mrow><mi>log</mi><mo>&af;</mo><mrow><mi>&Gamma;</mi><mo>&af;</mo><mrow><mo>(</mo><mi>x</mi><mo>)</mo></mrow></mrow></mrow></math>" ── Failure ('test-mathml.R:234:13'): digammax ────────────────────────────────── `q` (`actual`) not equal to "<math><mrow><mfrac><mi>d</mi><mrow><mi>d</mi><mo>&#x2062;</mo><mi>x</mi></mrow></mfrac><mo>&sdot;</mo><mrow><mi>log</mi><mo>&af;</mo><mrow><mi>&Gamma;</mi><mo>&af;</mo><mrow><mo>(</mo><mi>x</mi><mo>)</mo></mrow></mrow></mrow></mrow></math>" (`expected`). actual vs expected - "NA" + "<math><mrow><mfrac><mi>d</mi><mrow><mi>d</mi><mo>&#x2062;</mo><mi>x</mi></mrow></mfrac><mo>&sdot;</mo><mrow><mi>log</mi><mo>&af;</mo><mrow><mi>&Gamma;</mi><mo>&af;</mo><mrow><mo>(</mo><mi>x</mi><mo>)</mo></mrow></mrow></mrow></mrow></math>" ── Failure ('test-mathml.R:240:13'): psigammax ───────────────────────────────── `q` (`actual`) not equal to "<math><mrow><mfrac><msup><mi>d</mi><mrow><mrow><mo>(</mo><mrow><mi>deriv</mi><mo>=</mo><mi>&psi;</mi></mrow><mo>)</mo></mrow><mo>+</mo><mn>2</mn></mrow></msup><msup><mrow><mo>(</mo><mrow><mi>d</mi><mo>&#x2062;</mo><mi>x</mi></mrow><mo>)</mo></mrow><mrow><mrow><mo>(</mo><mrow><mi>deriv</mi><mo>=</mo><mi>&psi;</mi></mrow><mo>)</mo></mrow><mo>+</mo><mn>2</mn></mrow></msup></mfrac><mo>&sdot;</mo><mrow><mi>log</mi><mo>&af;</mo><mrow><mi>&Gamma;</mi><mo>&af;</mo><mrow><mo>(</mo><mi>x</mi><mo>)</mo></mrow></mrow></mrow></mrow></math>" (`expected`). actual vs expected - "NA" + "<math><mrow><mfrac><msup><mi>d</mi><mrow><mrow><mo>(</mo><mrow><mi>deriv</mi><mo>=</mo><mi>&psi;</mi></mrow><mo>)</mo></mrow><mo>+</mo><mn>2</mn></mrow></msup><msup><mrow><mo>(</mo><mrow><mi>d</mi><mo>&#x2062;</mo><mi>x</mi></mrow><mo>)</mo></mrow><mrow><mrow><mo>(</mo><mrow><mi>deriv</mi><mo>=</mo><mi>&psi;</mi></mrow><mo>)</mo></mrow><mo>+</mo><mn>2</mn></mrow></msup></mfrac><mo>&sdot;</mo><mrow><mi>log</mi><mo>&af;</mo><mrow><mi>&Gamma;</mi><mo>&af;</mo><mrow><mo>(</mo><mi>x</mi><mo>)</mo></mrow></mrow></mrow></mrow></math>" ── Failure ('test-mathml.R:246:13'): alogb ───────────────────────────────────── `q` (`actual`) not equal to "<math><mrow><mi>a</mi><mo>&sdot;</mo><mrow><mi>log</mi><mo>&af;</mo><mi>b</mi></mrow></mrow></math>" (`expected`). actual vs expected - "NA" + "<math><mrow><mi>a</mi><mo>&sdot;</mo><mrow><mi>log</mi><mo>&af;</mo><mi>b</mi></mrow></mrow></math>" ── Failure ('test-mathml.R:252:13'): bloga ───────────────────────────────────── `q` (`actual`) not equal to "<math><mrow><mrow><mi>log</mi><mo>&af;</mo><mi>b</mi></mrow><mo>&sdot;</mo><mi>a</mi></mrow></math>" (`expected`). actual vs expected - "NA" + "<math><mrow><mrow><mi>log</mi><mo>&af;</mo><mi>b</mi></mrow><mo>&sdot;</mo><mi>a</mi></mrow></math>" ── Failure ('test-mathml.R:258:13'): sumab ───────────────────────────────────── `q` (`actual`) not equal to "<math><mrow><mi>a</mi><mo>&sdot;</mo><mrow><mo>&sum;</mo><mo>&af;</mo><mi>b</mi></mrow></mrow></math>" (`expected`). actual vs expected - "NA" + "<math><mrow><mi>a</mi><mo>&sdot;</mo><mrow><mo>&sum;</mo><mo>&af;</mo><mi>b</mi></mrow></mrow></math>" ── Failure ('test-mathml.R:264:13'): sumba ───────────────────────────────────── `q` (`actual`) not equal to "<math><mrow><mrow><mo>&sum;</mo><mo>&af;</mo><mi>b</mi></mrow><mo>&sdot;</mo><mi>a</mi></mrow></math>" (`expected`). actual vs expected - "NA" + "<math><mrow><mrow><mo>&sum;</mo><mo>&af;</mo><mi>b</mi></mrow><mo>&sdot;</mo><mi>a</mi></mrow></math>" ── Failure ('test-mathml.R:270:13'): digammax ────────────────────────────────── `q` (`actual`) not equal to "<math><mrow><mfrac><mi>d</mi><mrow><mi>d</mi><mo>&#x2062;</mo><mi>x</mi></mrow></mfrac><mo>&sdot;</mo><mrow><mi>log</mi><mo>&af;</mo><mrow><mi>&Gamma;</mi><mo>&af;</mo><mrow><mo>(</mo><mi>x</mi><mo>)</mo></mrow></mrow></mrow></mrow></math>" (`expected`). actual vs expected - "NA" + "<math><mrow><mfrac><mi>d</mi><mrow><mi>d</mi><mo>&#x2062;</mo><mi>x</mi></mrow></mfrac><mo>&sdot;</mo><mrow><mi>log</mi><mo>&af;</mo><mrow><mi>&Gamma;</mi><mo>&af;</mo><mrow><mo>(</mo><mi>x</mi><mo>)</mo></mrow></mrow></mrow></mrow></math>" ── Failure ('test-mathml.R:276:13'): trigammax ───────────────────────────────── `q` (`actual`) not equal to "<math><mrow><mfrac><msup><mi>d</mi><mn>2</mn></msup><msup><mrow><mo>(</mo><mrow><mi>d</mi><mo>&#x2062;</mo><mi>x</mi></mrow><mo>)</mo></mrow><mn>2</mn></msup></mfrac><mo>&sdot;</mo><mrow><mi>log</mi><mo>&af;</mo><mrow><mi>&Gamma;</mi><mo>&af;</mo><mrow><mo>(</mo><mi>x</mi><mo>)</mo></mrow></mrow></mrow></mrow></math>" (`expected`). actual vs expected - "NA" + "<math><mrow><mfrac><msup><mi>d</mi><mn>2</mn></msup><msup><mrow><mo>(</mo><mrow><mi>d</mi><mo>&#x2062;</mo><mi>x</mi></mrow><mo>)</mo></mrow><mn>2</mn></msup></mfrac><mo>&sdot;</mo><mrow><mi>log</mi><mo>&af;</mo><mrow><mi>&Gamma;</mi><mo>&af;</mo><mrow><mo>(</mo><mi>x</mi><mo>)</mo></mrow></mrow></mrow></mrow></math>" ── Failure ('test-mathml.R:282:13'): bincoef ─────────────────────────────────── `q` (`actual`) not equal to "<math><mrow><mo>(</mo><mfrac linethickness=\"0\"><mi>n</mi><mi>k</mi></mfrac><mo>)</mo></mrow></math>" (`expected`). actual vs expected - "NA" + "<math><mrow><mo>(</mo><mfrac linethickness=\"0\"><mi>n</mi><mi>k</mi></mfrac><mo>)</mo></mrow></math>" ── Failure ('test-mathml.R:288:13'): BinCoef ─────────────────────────────────── `q` (`actual`) not equal to "<math><mrow><mo>(</mo><mfrac linethickness=\"0\"><mrow><mi>k</mi><mo>=</mo><mi>K</mi></mrow><mrow><mi>n</mi><mo>=</mo><mi>N</mi></mrow></mfrac><mo>)</mo></mrow></math>" (`expected`). actual vs expected - "NA" + "<math><mrow><mo>(</mo><mfrac linethickness=\"0\"><mrow><mi>k</mi><mo>=</mo><mi>K</mi></mrow><mrow><mi>n</mi><mo>=</mo><mi>N</mi></mrow></mfrac><mo>)</mo></mrow></math>" ── Failure ('test-mathml.R:294:13'): logbincoef ──────────────────────────────── `q` (`actual`) not equal to "<math><mrow><mi>log</mi><mo>&af;</mo><mrow><mo>(</mo><mfrac linethickness=\"0\"><mi>n</mi><mi>k</mi></mfrac><mo>)</mo></mrow></mrow></math>" (`expected`). actual vs expected - "NA" + "<math><mrow><mi>log</mi><mo>&af;</mo><mrow><mo>(</mo><mfrac linethickness=\"0\"><mi>n</mi><mi>k</mi></mfrac><mo>)</mo></mrow></mrow></math>" ── Failure ('test-mathml.R:300:13'): factorial ───────────────────────────────── `q` (`actual`) not equal to "<math><mrow><mi>x</mi><mo>!</mo></mrow></math>" (`expected`). `actual`: "NA" `expected`: "<math><mrow><mi>x</mi><mo>!</mo></mrow></math>" ── Failure ('test-mathml.R:306:13'): lfactorial ──────────────────────────────── `q` (`actual`) not equal to "<math><mrow><mi>log</mi><mo>&af;</mo><mrow><mi>x</mi><mo>!</mo></mrow></mrow></math>" (`expected`). actual vs expected - "NA" + "<math><mrow><mi>log</mi><mo>&af;</mo><mrow><mi>x</mi><mo>!</mo></mrow></mrow></math>" ── Failure ('test-mathml.R:312:13'): AND ─────────────────────────────────────── `q` (`actual`) not equal to "<math><mrow><mi>A</mi><mo>&and;</mo><mi>B</mi></mrow></math>" (`expected`). `actual`: "NA" `expected`: "<math><mrow><mi>A</mi><mo>&and;</mo><mi>B</mi></mrow></math>" ── Failure ('test-mathml.R:318:13'): OR ──────────────────────────────────────── `q` (`actual`) not equal to "<math><mrow><mi>A</mi><mo>&or;</mo><mi>B</mi></mrow></math>" (`expected`). `actual`: "NA" `expected`: "<math><mrow><mi>A</mi><mo>&or;</mo><mi>B</mi></mrow></math>" ── Failure ('test-mathml.R:324:13'): !A ──────────────────────────────────────── `q` (`actual`) not equal to "<math><mrow><mo>&not;</mo><mi>A</mi></mrow></math>" (`expected`). `actual`: "NA" `expected`: "<math><mrow><mo>&not;</mo><mi>A</mi></mrow></math>" ── Failure ('test-mathml.R:330:13'): xor ─────────────────────────────────────── `q` (`actual`) not equal to "<math><mrow><mi>A</mi><mo>&veebar;</mo><mi>B</mi></mrow></math>" (`expected`). `actual`: "NA" `expected`: "<math><mrow><mi>A</mi><mo>&veebar;</mo><mi>B</mi></mrow></math>" ── Failure ('test-mathml.R:336:13'): expnumgreeki ────────────────────────────── `q` (`actual`) not equal to "<math><mrow><mi>exp</mi><mo>&af;</mo><mrow><mo>(</mo><mrow><mrow><mn>2</mn><mo>&#x2062;</mo><mi>&pi;</mi></mrow><mo>&#x2062;</mo><mi>i</mi></mrow><mo>)</mo></mrow></mrow></math>" (`expected`). actual vs expected - "NA" + "<math><mrow><mi>exp</mi><mo>&af;</mo><mrow><mo>(</mo><mrow><mrow><mn>2</mn><mo>&#x2062;</mo><mi>&pi;</mi></mrow><mo>&#x2062;</mo><mi>i</mi></mrow><mo>)</mo></mrow></mrow></math>" ── Failure ('test-mathml.R:342:13'): expm1numgreeki ──────────────────────────── `q` (`actual`) not equal to "<math><mrow><mrow><mi>exp</mi><mo>&af;</mo><mrow><mo>(</mo><mrow><mrow><mn>2</mn><mo>&#x2062;</mo><mi>&pi;</mi></mrow><mo>&#x2062;</mo><mi>i</mi></mrow><mo>)</mo></mrow></mrow><mo>-</mo><mn>1</mn></mrow></math>" (`expected`). actual vs expected - "NA" + "<math><mrow><mrow><mi>exp</mi><mo>&af;</mo><mrow><mo>(</mo><mrow><mrow><mn>2</mn><mo>&#x2062;</mo><mi>&pi;</mi></mrow><mo>&#x2062;</mo><mi>i</mi></mrow><mo>)</mo></mrow></mrow><mo>-</mo><mn>1</mn></mrow></math>" ── Failure ('test-mathml.R:348:13'): logx ────────────────────────────────────── `q` (`actual`) not equal to "<math><mrow><mi>log</mi><mo>&af;</mo><mi>x</mi></mrow></math>" (`expected`). `actual`: "NA" `expected`: "<math><mrow><mi>log</mi><mo>&af;</mo><mi>x</mi></mrow></math>" ── Failure ('test-mathml.R:354:13'): log10x ──────────────────────────────────── `q` (`actual`) not equal to "<math><mrow><msub><mi>log</mi><mn>10</mn></msub><mo>&af;</mo><mi>x</mi></mrow></math>" (`expected`). actual vs expected - "NA" + "<math><mrow><msub><mi>log</mi><mn>10</mn></msub><mo>&af;</mo><mi>x</mi></mrow></math>" ── Failure ('test-mathml.R:360:13'): log2x ───────────────────────────────────── `q` (`actual`) not equal to "<math><mrow><msub><mi>log</mi><mn>2</mn></msub><mo>&af;</mo><mi>x</mi></mrow></math>" (`expected`). actual vs expected - "NA" + "<math><mrow><msub><mi>log</mi><mn>2</mn></msub><mo>&af;</mo><mi>x</mi></mrow></math>" ── Failure ('test-mathml.R:366:13'): logex ───────────────────────────────────── `q` (`actual`) not equal to "<math><mrow><msub><mi>log</mi><mi>e</mi></msub><mo>&af;</mo><mi>x</mi></mrow></math>" (`expected`). actual vs expected - "NA" + "<math><mrow><msub><mi>log</mi><mi>e</mi></msub><mo>&af;</mo><mi>x</mi></mrow></math>" ── Failure ('test-mathml.R:372:13'): log1px ──────────────────────────────────── `q` (`actual`) not equal to "<math><mrow><mi>log</mi><mo>&af;</mo><mrow><mo>(</mo><mrow><mn>1</mn><mo>+</mo><mi>x</mi></mrow><mo>)</mo></mrow></mrow></math>" (`expected`). actual vs expected - "NA" + "<math><mrow><mi>log</mi><mo>&af;</mo><mrow><mo>(</mo><mrow><mn>1</mn><mo>+</mo><mi>x</mi></mrow><mo>)</mo></mrow></mrow></math>" ── Failure ('test-mathml.R:378:13'): ceilingpi ───────────────────────────────── `q` (`actual`) not equal to "<math><mrow><mo>&lceil;</mo><mi>&pi;</mi><mo>&rceil;</mo></mrow></math>" (`expected`). actual vs expected - "NA" + "<math><mrow><mo>&lceil;</mo><mi>&pi;</mi><mo>&rceil;</mo></mrow></math>" ── Failure ('test-mathml.R:384:13'): floorpi ─────────────────────────────────── `q` (`actual`) not equal to "<math><mrow><mo>&lfloor;</mo><mi>&pi;</mi><mo>&rfloor;</mo></mrow></math>" (`expected`). actual vs expected - "NA" + "<math><mrow><mo>&lfloor;</mo><mi>&pi;</mi><mo>&rfloor;</mo></mrow></math>" ── Failure ('test-mathml.R:391:13'): function ────────────────────────────────── `q` (`actual`) not equal to "<math><mrow><mi>a</mi><mo>+</mo><mi>b</mi></mrow></math>" (`expected`). `actual`: "NA" `expected`: "<math><mrow><mi>a</mi><mo>+</mo><mi>b</mi></mrow></math>" ── Failure ('test-mathml.R:398:13'): functionsin ─────────────────────────────── `q` (`actual`) not equal to "<math><mrow><mi>sin</mi><mo>&af;</mo><mi>x</mi></mrow></math>" (`expected`). `actual`: "NA" `expected`: "<math><mrow><mi>sin</mi><mo>&af;</mo><mi>x</mi></mrow></math>" ── Failure ('test-mathml.R:405:13'): functionsintan ──────────────────────────── `q` (`actual`) not equal to "<math><mrow><mo>{</mo><mtable columnalign=\"left\"><mrow><mi>sin</mi><mo>&af;</mo><mi>x</mi></mrow><mrow><mi>tan</mi><mo>&af;</mo><mi>x</mi></mrow></mtable></mrow></math>" (`expected`). actual vs expected - "NA" + "<math><mrow><mo>{</mo><mtable columnalign=\"left\"><mrow><mi>sin</mi><mo>&af;</mo><mi>x</mi></mrow><mrow><mi>tan</mi><mo>&af;</mo><mi>x</mi></mrow></mtable></mrow></math>" ── Failure ('test-mathml.R:412:13'): functionsincos ──────────────────────────── `q` (`actual`) not equal to "<math><mrow><mo>{</mo><mtable columnalign=\"left\"><mrow><mi>sin</mi><mo>&af;</mo><mi>x</mi></mrow><mrow><mi>cos</mi><mo>&af;</mo><mi>x</mi></mrow></mtable></mrow></math>" (`expected`). actual vs expected - "NA" + "<math><mrow><mo>{</mo><mtable columnalign=\"left\"><mrow><mi>sin</mi><mo>&af;</mo><mi>x</mi></mrow><mrow><mi>cos</mi><mo>&af;</mo><mi>x</mi></mrow></mtable></mrow></math>" ── Failure ('test-mathml.R:418:13'): identical ───────────────────────────────── `q` (`actual`) not equal to "<math><mrow><mn>1</mn><mo>=</mo><mn>2</mn></mrow></math>" (`expected`). `actual`: "NA" `expected`: "<math><mrow><mn>1</mn><mo>=</mo><mn>2</mn></mrow></math>" ── Failure ('test-mathml.R:424:13'): ifelse ──────────────────────────────────── `q` (`actual`) not equal to "<math><mrow><mo>{</mo><mtable columnalign=\"left\"><mtr><mi>a</mi><mrow><mtext>if</mtext><mspace width=\"thinmathspace\"></mspace><mrow><mi>a</mi><mo>&gt;</mo><mi>b</mi></mrow></mrow></mtr><mtr><mi>b</mi><mtext>otherwise</mtext></mtr></mtable></mrow></math>" (`expected`). actual vs expected - "NA" + "<math><mrow><mo>{</mo><mtable columnalign=\"left\"><mtr><mi>a</mi><mrow><mtext>if</mtext><mspace width=\"thinmathspace\"></mspace><mrow><mi>a</mi><mo>&gt;</mo><mi>b</mi></mrow></mrow></mtr><mtr><mi>b</mi><mtext>otherwise</mtext></mtr></mtable></mrow></math>" ── Failure ('test-mathml.R:430:13'): in ──────────────────────────────────────── `q` (`actual`) not equal to "<math><mrow><mi>a</mi><mo>&isin;</mo><mi>A</mi></mrow></math>" (`expected`). `actual`: "NA" `expected`: "<math><mrow><mi>a</mi><mo>&isin;</mo><mi>A</mi></mrow></math>" ── Failure ('test-mathml.R:436:13'): intersect ───────────────────────────────── `q` (`actual`) not equal to "<math><mrow><mi>A</mi><mo>&cap;</mo><mi>B</mi></mrow></math>" (`expected`). `actual`: "NA" `expected`: "<math><mrow><mi>A</mi><mo>&cap;</mo><mi>B</mi></mrow></math>" ── Failure ('test-mathml.R:442:13'): union ───────────────────────────────────── `q` (`actual`) not equal to "<math><mrow><mi>A</mi><mo>&cup;</mo><mi>B</mi></mrow></math>" (`expected`). `actual`: "NA" `expected`: "<math><mrow><mi>A</mi><mo>&cup;</mo><mi>B</mi></mrow></math>" ── Failure ('test-mathml.R:448:13'): null ────────────────────────────────────── `q` (`actual`) not equal to "<math><mrow><mrow><mi>A</mi><mo>&cap;</mo><mi>B</mi></mrow><mo>=</mo><mi>&empty;</mi></mrow></math>" (`expected`). actual vs expected - "NA" + "<math><mrow><mrow><mi>A</mi><mo>&cap;</mo><mi>B</mi></mrow><mo>=</mo><mi>&empty;</mi></mrow></math>" ── Failure ('test-mathml.R:454:13'): column ──────────────────────────────────── `q` (`actual`) not equal to "<math><mrow><mi>a</mi><mo>&#58;</mo><mi>b</mi></mrow></math>" (`expected`). `actual`: "NA" `expected`: "<math><mrow><mi>a</mi><mo>&#58;</mo><mi>b</mi></mrow></math>" ── Failure ('test-mathml.R:460:13'): diff ────────────────────────────────────── `q` (`actual`) not equal to "<math><mrow><mi>A</mi><mo>-</mo><mi>B</mi></mrow></math>" (`expected`). `actual`: "NA" `expected`: "<math><mrow><mi>A</mi><mo>-</mo><mi>B</mi></mrow></math>" ── Failure ('test-mathml.R:466:13'): x ───────────────────────────────────────── `q` (`actual`) not equal to "<math><mrow><mi>X</mi><mo>&CircleTimes;</mo><mi>Y</mi></mrow></math>" (`expected`). actual vs expected - "NA" + "<math><mrow><mi>X</mi><mo>&CircleTimes;</mo><mi>Y</mi></mrow></math>" ── Failure ('test-mathml.R:472:13'): expr ────────────────────────────────────── `q` (`actual`) not equal to "<math><mrow><mrow><mrow><mi>a</mi><mo>&#x2062;</mo><mi>b</mi></mrow><mo>+</mo><mrow><mi>c</mi><mo>/</mo><mi>d</mi></mrow></mrow><mo>-</mo><mrow><mi>e</mi><mo>&times;</mo><mi>f</mi></mrow></mrow></math>" (`expected`). actual vs expected - "NA" + "<math><mrow><mrow><mrow><mi>a</mi><mo>&#x2062;</mo><mi>b</mi></mrow><mo>+</mo><mrow><mi>c</mi><mo>/</mo><mi>d</mi></mrow></mrow><mo>-</mo><mrow><mi>e</mi><mo>&times;</mo><mi>f</mi></mrow></mrow></math>" ── Failure ('test-mathml.R:478:13'): crossprod ───────────────────────────────── `q` (`actual`) not equal to "<math><mrow><msup><mi>A</mi><mtext>T</mtext></msup><mo>&times;</mo><mi>B</mi></mrow></math>" (`expected`). actual vs expected - "NA" + "<math><mrow><msup><mi>A</mi><mtext>T</mtext></msup><mo>&times;</mo><mi>B</mi></mrow></math>" ── Failure ('test-mathml.R:484:13'): tcrossprod ──────────────────────────────── `q` (`actual`) not equal to "<math><mrow><mi>A</mi><mo>&times;</mo><msup><mi>B</mi><mtext>T</mtext></msup></mrow></math>" (`expected`). actual vs expected - "NA" + "<math><mrow><mi>A</mi><mo>&times;</mo><msup><mi>B</mi><mtext>T</mtext></msup></mrow></math>" ── Failure ('test-mathml.R:490:13'): tilde ───────────────────────────────────── `q` (`actual`) not equal to "<math><mrow><mi>A</mi><mo>&Tilde;</mo><mi>B</mi></mrow></math>" (`expected`). `actual`: "NA" `expected`: "<math><mrow><mi>A</mi><mo>&Tilde;</mo><mi>B</mi></mrow></math>" ── Failure ('test-mathml.R:496:13'): expx ────────────────────────────────────── `q` (`actual`) not equal to "<math><mrow><mi>exp</mi><mo>&af;</mo><mi>x</mi></mrow></math>" (`expected`). `actual`: "NA" `expected`: "<math><mrow><mi>exp</mi><mo>&af;</mo><mi>x</mi></mrow></math>" ── Failure ('test-mathml.R:502:13'): expm1x ──────────────────────────────────── `q` (`actual`) not equal to "<math><mrow><mrow><mi>exp</mi><mo>&af;</mo><mi>x</mi></mrow><mo>-</mo><mn>1</mn></mrow></math>" (`expected`). actual vs expected - "NA" + "<math><mrow><mrow><mi>exp</mi><mo>&af;</mo><mi>x</mi></mrow><mo>-</mo><mn>1</mn></mrow></math>" ── Failure ('test-mathml.R:508:13'): dbinom ──────────────────────────────────── `q` (`actual`) not equal to "<math><mrow><msub><mi>P</mi><mtext>Bi</mtext></msub><mo>&af;</mo><mrow><mo>(</mo><mrow><mrow><mi>X</mi><mo>=</mo><mi>k</mi></mrow><mo>;</mo><mrow><mi>N</mi><mo>,</mo><mi>&pi;</mi></mrow></mrow><mo>)</mo></mrow></mrow></math>" (`expected`). actual vs expected - "NA" + "<math><mrow><msub><mi>P</mi><mtext>Bi</mtext></msub><mo>&af;</mo><mrow><mo>(</mo><mrow><mrow><mi>X</mi><mo>=</mo><mi>k</mi></mrow><mo>;</mo><mrow><mi>N</mi><mo>,</mo><mi>&pi;</mi></mrow></mrow><mo>)</mo></mrow></mrow></math>" ── Failure ('test-mathml.R:514:13'): pbinom ──────────────────────────────────── `q` (`actual`) not equal to "<math><mrow><msub><mi>P</mi><mtext>Bi</mtext></msub><mo>&af;</mo><mrow><mo>(</mo><mrow><mrow><mi>X</mi><mo>&le;</mo><mi>k</mi></mrow><mo>;</mo><mrow><mi>N</mi><mo>,</mo><mi>&pi;</mi></mrow></mrow><mo>)</mo></mrow></mrow></math>" (`expected`). actual vs expected - "NA" + "<math><mrow><msub><mi>P</mi><mtext>Bi</mtext></msub><mo>&af;</mo><mrow><mo>(</mo><mrow><mrow><mi>X</mi><mo>&le;</mo><mi>k</mi></mrow><mo>;</mo><mrow><mi>N</mi><mo>,</mo><mi>&pi;</mi></mrow></mrow><mo>)</mo></mrow></mrow></math>" ── Failure ('test-mathml.R:520:13'): qbinom ──────────────────────────────────── `q` (`actual`) not equal to "<math><mrow><msub><mi>argmin</mi><mi>k</mi></msub><mo>&af;</mo><mrow><mo>[</mo><mrow><mrow><msub><mi>P</mi><mtext>Bi</mtext></msub><mo>&af;</mo><mrow><mo>(</mo><mrow><mrow><mi>X</mi><mo>&le;</mo><mi>k</mi></mrow><mo>;</mo><mrow><mi>N</mi><mo>,</mo><mi>&pi;</mi></mrow></mrow><mo>)</mo></mrow></mrow><mo>&gt;</mo><mi>k</mi></mrow><mo>]</mo></mrow></mrow></math>" (`expected`). actual vs expected - "NA" + "<math><mrow><msub><mi>argmin</mi><mi>k</mi></msub><mo>&af;</mo><mrow><mo>[</mo><mrow><mrow><msub><mi>P</mi><mtext>Bi</mtext></msub><mo>&af;</mo><mrow><mo>(</mo><mrow><mrow><mi>X</mi><mo>&le;</mo><mi>k</mi></mrow><mo>;</mo><mrow><mi>N</mi><mo>,</mo><mi>&pi;</mi></mrow></mrow><mo>)</mo></mrow></mrow><mo>&gt;</mo><mi>k</mi></mrow><mo>]</mo></mrow></mrow></math>" ── Failure ('test-mathml.R:526:13'): dpois ───────────────────────────────────── `q` (`actual`) not equal to "<math><mrow><msub><mi>P</mi><mtext>Po</mtext></msub><mo>&af;</mo><mrow><mo>(</mo><mrow><mrow><mi>X</mi><mo>=</mo><mi>k</mi></mrow><mo>;</mo><mi>&lambda;</mi></mrow><mo>)</mo></mrow></mrow></math>" (`expected`). actual vs expected - "NA" + "<math><mrow><msub><mi>P</mi><mtext>Po</mtext></msub><mo>&af;</mo><mrow><mo>(</mo><mrow><mrow><mi>X</mi><mo>=</mo><mi>k</mi></mrow><mo>;</mo><mi>&lambda;</mi></mrow><mo>)</mo></mrow></mrow></math>" ── Failure ('test-mathml.R:532:13'): ppois ───────────────────────────────────── `q` (`actual`) not equal to "<math><mrow><msub><mi>P</mi><mtext>Po</mtext></msub><mo>&af;</mo><mrow><mo>(</mo><mrow><mrow><mi>X</mi><mo>&le;</mo><mi>k</mi></mrow><mo>;</mo><mi>&lambda;</mi></mrow><mo>)</mo></mrow></mrow></math>" (`expected`). actual vs expected - "NA" + "<math><mrow><msub><mi>P</mi><mtext>Po</mtext></msub><mo>&af;</mo><mrow><mo>(</mo><mrow><mrow><mi>X</mi><mo>&le;</mo><mi>k</mi></mrow><mo>;</mo><mi>&lambda;</mi></mrow><mo>)</mo></mrow></mrow></math>" ── Failure ('test-mathml.R:538:13'): qpois ───────────────────────────────────── `q` (`actual`) not equal to "<math><mrow><msub><mi>argmax</mi><mi>k</mi></msub><mo>&af;</mo><mrow><mo>[</mo><mrow><mrow><msub><mi>P</mi><mtext>Po</mtext></msub><mo>&af;</mo><mrow><mo>(</mo><mrow><mrow><mi>X</mi><mo>&le;</mo><mi>k</mi></mrow><mo>;</mo><mi>&lambda;</mi></mrow><mo>)</mo></mrow></mrow><mo>&gt;</mo><mi>k</mi></mrow><mo>]</mo></mrow></mrow></math>" (`expected`). actual vs expected - "NA" + "<math><mrow><msub><mi>argmax</mi><mi>k</mi></msub><mo>&af;</mo><mrow><mo>[</mo><mrow><mrow><msub><mi>P</mi><mtext>Po</mtext></msub><mo>&af;</mo><mrow><mo>(</mo><mrow><mrow><mi>X</mi><mo>&le;</mo><mi>k</mi></mrow><mo>;</mo><mi>&lambda;</mi></mrow><mo>)</mo></mrow></mrow><mo>&gt;</mo><mi>k</mi></mrow><mo>]</mo></mrow></mrow></math>" ── Failure ('test-mathml.R:544:13'): dexp ────────────────────────────────────── `q` (`actual`) not equal to "<math><mrow><msub><mi>f</mi><mtext>Exp</mtext></msub><mo>&af;</mo><mrow><mo>(</mo><mrow><mi>x</mi><mo>;</mo><mi>&lambda;</mi></mrow><mo>)</mo></mrow></mrow></math>" (`expected`). actual vs expected - "NA" + "<math><mrow><msub><mi>f</mi><mtext>Exp</mtext></msub><mo>&af;</mo><mrow><mo>(</mo><mrow><mi>x</mi><mo>;</mo><mi>&lambda;</mi></mrow><mo>)</mo></mrow></mrow></math>" ── Failure ('test-mathml.R:550:13'): pexp ────────────────────────────────────── `q` (`actual`) not equal to "<math><mrow><msub><mi>F</mi><mtext>Exp</mtext></msub><mo>&af;</mo><mrow><mo>(</mo><mrow><mi>x</mi><mo>;</mo><mi>&lambda;</mi></mrow><mo>)</mo></mrow></mrow></math>" (`expected`). actual vs expected - "NA" + "<math><mrow><msub><mi>F</mi><mtext>Exp</mtext></msub><mo>&af;</mo><mrow><mo>(</mo><mrow><mi>x</mi><mo>;</mo><mi>&lambda;</mi></mrow><mo>)</mo></mrow></mrow></math>" ── Failure ('test-mathml.R:556:13'): qexp ────────────────────────────────────── `q` (`actual`) not equal to "<math><mrow><msubsup><mi>F</mi><mtext>Exp</mtext><mrow><mo>-</mo><mn>1</mn></mrow></msubsup><mo>&af;</mo><mrow><mo>(</mo><mrow><mi>x</mi><mo>;</mo><mi>&lambda;</mi></mrow><mo>)</mo></mrow></mrow></math>" (`expected`). actual vs expected - "NA" + "<math><mrow><msubsup><mi>F</mi><mtext>Exp</mtext><mrow><mo>-</mo><mn>1</mn></mrow></msubsup><mo>&af;</mo><mrow><mo>(</mo><mrow><mi>x</mi><mo>;</mo><mi>&lambda;</mi></mrow><mo>)</mo></mrow></mrow></math>" ── Failure ('test-mathml.R:562:13'): dnorm ───────────────────────────────────── `q` (`actual`) not equal to "<math><mrow><mi>&phi;</mi><mo>&af;</mo><mrow><mo>(</mo><mrow><mi>x</mi><mo>;</mo><mrow><mi>&mu;</mi><mo>,</mo><mi>&sigma;</mi></mrow></mrow><mo>)</mo></mrow></mrow></math>" (`expected`). actual vs expected - "NA" + "<math><mrow><mi>&phi;</mi><mo>&af;</mo><mrow><mo>(</mo><mrow><mi>x</mi><mo>;</mo><mrow><mi>&mu;</mi><mo>,</mo><mi>&sigma;</mi></mrow></mrow><mo>)</mo></mrow></mrow></math>" ── Failure ('test-mathml.R:568:13'): pnorm ───────────────────────────────────── `q` (`actual`) not equal to "<math><mrow><mi>&Phi;</mi><mo>&af;</mo><mrow><mo>(</mo><mrow><mi>x</mi><mo>;</mo><mrow><mi>&mu;</mi><mo>,</mo><mi>&sigma;</mi></mrow></mrow><mo>)</mo></mrow></mrow></math>" (`expected`). actual vs expected - "NA" + "<math><mrow><mi>&Phi;</mi><mo>&af;</mo><mrow><mo>(</mo><mrow><mi>x</mi><mo>;</mo><mrow><mi>&mu;</mi><mo>,</mo><mi>&sigma;</mi></mrow></mrow><mo>)</mo></mrow></mrow></math>" ── Failure ('test-mathml.R:574:13'): qnorm ───────────────────────────────────── `q` (`actual`) not equal to sprintf(...) (`expected`). actual vs expected - "NA" + "<math><mrow><msup><mi>&Phi;</mi><mrow><mo>-</mo><mn>1</mn></mrow></msup><mo>&af;</mo><mrow><mo>(</mo><mrow><mi>&alpha;</mi><mo>/</mo><mn>2.0000000</mn></mrow><mo>)</mo></mrow></mrow></math>" ── Failure ('test-mathml.R:580:13'): 1mpchisq ────────────────────────────────── `q` (`actual`) not equal to sprintf(...) (`expected`). actual vs expected - "NA" + "<math><mrow><mn>1.0000000</mn><mo>-</mo><mrow><msub><mi>F</mi><mrow><msup><mi>&chi;</mi><mn>2</mn></msup><mo>&af;</mo><mrow><mo>(</mo><mrow><mn>1.0000000</mn><mspace width=\"thinmathspace\"></mspace><mtext>df</mtext></mrow><mo>)</mo></mrow></mrow></msub><mo>&af;</mo><mrow><mo>(</mo><mi>x</mi><mo>)</mo></mrow></mrow></mrow></math>" ── Failure ('test-mathml.R:587:13'): pchisq1malpha ───────────────────────────── `q` (`actual`) not equal to sprintf(...) (`expected`). actual vs expected - "NA" + "<math><mrow><msubsup><mi>F</mi><mrow><msup><mi>&chi;</mi><mn>2</mn></msup><mo>&af;</mo><mrow><mo>(</mo><mrow><mn>1.0000000</mn><mspace width=\"thinmathspace\"></mspace><mtext>df</mtext></mrow><mo>)</mo></mrow></mrow><mrow><mo>-</mo><mn>1</mn></mrow></msubsup><mo>&af;</mo><mrow><mo>(</mo><mrow><mn>1.0000000</mn><mo>-</mo><mi>&alpha;</mi></mrow><mo>)</mo></mrow></mrow></math>" ── Failure ('test-mathml.R:594:13'): ptnm1 ───────────────────────────────────── `q` (`actual`) not equal to sprintf(...) (`expected`). actual vs expected - "NA" + "<math><mrow><mi>P</mi><mo>&af;</mo><mrow><mo>(</mo><mrow><mrow><mi>T</mi><mo>&le;</mo><mi>t</mi></mrow><mo>;</mo><mrow><mrow><mi>N</mi><mo>-</mo><mn>1.0000000</mn></mrow><mspace width=\"thinmathspace\"></mspace><mtext>df</mtext></mrow></mrow><mo>)</mo></mrow></mrow></math>" ── Failure ('test-mathml.R:601:13'): qtalpha2nm1 ─────────────────────────────── `q` (`actual`) not equal to sprintf(...) (`expected`). actual vs expected - "NA" + "<math><mrow><msub><mi>T</mi><mrow><mi>&alpha;</mi><mo>/</mo><mn>2.0000000</mn></mrow></msub><mo>&af;</mo><mrow><mo>(</mo><mrow><mrow><mi>N</mi><mo>-</mo><mn>1.0000000</mn></mrow><mspace width=\"thinmathspace\"></mspace><mtext>df</mtext></mrow><mo>)</mo></mrow></mrow></math>" ── Failure ('test-mathml.R:608:13'): AXB ─────────────────────────────────────── `q` (`actual`) not equal to "<math><mrow><mi>A</mi><mo>&times;</mo><mi>B</mi></mrow></math>" (`expected`). `actual`: "NA" `expected`: "<math><mrow><mi>A</mi><mo>&times;</mo><mi>B</mi></mrow></math>" ── Failure ('test-mathml.R:614:13'): AdotB ───────────────────────────────────── `q` (`actual`) not equal to "<math><mrow><mi>A</mi><mo>&sdot;</mo><mi>B</mi></mrow></math>" (`expected`). `actual`: "NA" `expected`: "<math><mrow><mi>A</mi><mo>&sdot;</mo><mi>B</mi></mrow></math>" ── Failure ('test-mathml.R:620:13'): AxB ─────────────────────────────────────── `q` (`actual`) not equal to "<math><mrow><mi>A</mi><mo>&CircleTimes;</mo><mi>B</mi></mrow></math>" (`expected`). actual vs expected - "NA" + "<math><mrow><mi>A</mi><mo>&CircleTimes;</mo><mi>B</mi></mrow></math>" ── Failure ('test-mathml.R:626:13'): A/B ─────────────────────────────────────── `q` (`actual`) not equal to "<math><mrow><mo>&lfloor;</mo><mrow><mi>A</mi><mo>/</mo><mi>B</mi></mrow><mo>&rfloor;</mo></mrow></math>" (`expected`). actual vs expected - "NA" + "<math><mrow><mo>&lfloor;</mo><mrow><mi>A</mi><mo>/</mo><mi>B</mi></mrow><mo>&rfloor;</mo></mrow></math>" ── Failure ('test-mathml.R:632:13'): A mod B ─────────────────────────────────── `q` (`actual`) not equal to "<math><mrow><mi>mod</mi><mo>&af;</mo><mrow><mo>(</mo><mrow><mi>A</mi><mo>,</mo><mi>B</mi></mrow><mo>)</mo></mrow></mrow></math>" (`expected`). actual vs expected - "NA" + "<math><mrow><mi>mod</mi><mo>&af;</mo><mrow><mo>(</mo><mrow><mi>A</mi><mo>,</mo><mi>B</mi></mrow><mo>)</mo></mrow></mrow></math>" ── Failure ('test-mathml.R:638:13'): A&B ─────────────────────────────────────── `q` (`actual`) not equal to "<math><mrow><mi>A</mi><mo>&and;</mo><mi>B</mi></mrow></math>" (`expected`). `actual`: "NA" `expected`: "<math><mrow><mi>A</mi><mo>&and;</mo><mi>B</mi></mrow></math>" ── Failure ('test-mathml.R:644:13'): AvelB ───────────────────────────────────── `q` (`actual`) not equal to "<math><mrow><mi>A</mi><mo>&or;</mo><mi>B</mi></mrow></math>" (`expected`). `actual`: "NA" `expected`: "<math><mrow><mi>A</mi><mo>&or;</mo><mi>B</mi></mrow></math>" ── Failure ('test-mathml.R:650:13'): AeqeqB ──────────────────────────────────── `q` (`actual`) not equal to "<math><mrow><mi>A</mi><mo>=</mo><mi>B</mi></mrow></math>" (`expected`). `actual`: "NA" `expected`: "<math><mrow><mi>A</mi><mo>=</mo><mi>B</mi></mrow></math>" ── Failure ('test-mathml.R:656:13'): AarroweqB ───────────────────────────────── `q` (`actual`) not equal to "<math><mrow><mi>A</mi><mo>=</mo><mi>B</mi></mrow></math>" (`expected`). `actual`: "NA" `expected`: "<math><mrow><mi>A</mi><mo>=</mo><mi>B</mi></mrow></math>" ── Failure ('test-mathml.R:662:13'): AdiffB ──────────────────────────────────── `q` (`actual`) not equal to "<math><mrow><mi>A</mi><mo>&ne;</mo><mi>B</mi></mrow></math>" (`expected`). `actual`: "NA" `expected`: "<math><mrow><mi>A</mi><mo>&ne;</mo><mi>B</mi></mrow></math>" ── Failure ('test-mathml.R:668:13'): AtildetildeB ────────────────────────────── `q` (`actual`) not equal to "<math><mrow><mi>A</mi><mo>&approx;</mo><mi>B</mi></mrow></math>" (`expected`). `actual`: "NA" `expected`: "<math><mrow><mi>A</mi><mo>&approx;</mo><mi>B</mi></mrow></math>" ── Failure ('test-mathml.R:674:13'): AequivB ─────────────────────────────────── `q` (`actual`) not equal to "<math><mrow><mi>A</mi><mo>&equiv;</mo><mi>B</mi></mrow></math>" (`expected`). `actual`: "NA" `expected`: "<math><mrow><mi>A</mi><mo>&equiv;</mo><mi>B</mi></mrow></math>" ── Failure ('test-mathml.R:680:13'): AcongB ──────────────────────────────────── `q` (`actual`) not equal to "<math><mrow><mi>A</mi><mo>&cong;</mo><mi>B</mi></mrow></math>" (`expected`). `actual`: "NA" `expected`: "<math><mrow><mi>A</mi><mo>&cong;</mo><mi>B</mi></mrow></math>" ── Failure ('test-mathml.R:686:13'): ApropB ──────────────────────────────────── `q` (`actual`) not equal to "<math><mrow><mi>A</mi><mo>&prop;</mo><mi>B</mi></mrow></math>" (`expected`). `actual`: "NA" `expected`: "<math><mrow><mi>A</mi><mo>&prop;</mo><mi>B</mi></mrow></math>" ── Failure ('test-mathml.R:692:13'): AisinB ──────────────────────────────────── `q` (`actual`) not equal to "<math><mrow><mi>A</mi><mo>&isin;</mo><mi>B</mi></mrow></math>" (`expected`). `actual`: "NA" `expected`: "<math><mrow><mi>A</mi><mo>&isin;</mo><mi>B</mi></mrow></math>" ── Failure ('test-mathml.R:698:13'): AlrarrowB ───────────────────────────────── `q` (`actual`) not equal to "<math><mrow><mi>A</mi><mo>&leftrightarrow;</mo><mi>B</mi></mrow></math>" (`expected`). actual vs expected - "NA" + "<math><mrow><mi>A</mi><mo>&leftrightarrow;</mo><mi>B</mi></mrow></math>" ── Failure ('test-mathml.R:704:13'): ArarrowB ────────────────────────────────── `q` (`actual`) not equal to "<math><mrow><mi>A</mi><mo>&rightarrow;</mo><mi>B</mi></mrow></math>" (`expected`). actual vs expected - "NA" + "<math><mrow><mi>A</mi><mo>&rightarrow;</mo><mi>B</mi></mrow></math>" ── Failure ('test-mathml.R:710:13'): AlarrowB ────────────────────────────────── `q` (`actual`) not equal to "<math><mrow><mi>A</mi><mo>&leftarrow;</mo><mi>B</mi></mrow></math>" (`expected`). `actual`: "NA" `expected`: "<math><mrow><mi>A</mi><mo>&leftarrow;</mo><mi>B</mi></mrow></math>" ── Failure ('test-mathml.R:716:13'): AuparrowB ───────────────────────────────── `q` (`actual`) not equal to "<math><mrow><mi>A</mi><mo>&uparrow;</mo><mi>B</mi></mrow></math>" (`expected`). `actual`: "NA" `expected`: "<math><mrow><mi>A</mi><mo>&uparrow;</mo><mi>B</mi></mrow></math>" ── Failure ('test-mathml.R:722:13'): AdownarrowB ─────────────────────────────── `q` (`actual`) not equal to "<math><mrow><mi>A</mi><mo>&downarrow;</mo><mi>B</mi></mrow></math>" (`expected`). `actual`: "NA" `expected`: "<math><mrow><mi>A</mi><mo>&downarrow;</mo><mi>B</mi></mrow></math>" ── Failure ('test-mathml.R:728:13'): AlrdoublearrowB ─────────────────────────── `q` (`actual`) not equal to "<math><mrow><mi>A</mi><mo>&iff;</mo><mi>B</mi></mrow></math>" (`expected`). `actual`: "NA" `expected`: "<math><mrow><mi>A</mi><mo>&iff;</mo><mi>B</mi></mrow></math>" ── Failure ('test-mathml.R:734:13'): AldoublearrowB ──────────────────────────── `q` (`actual`) not equal to "<math><mrow><mi>A</mi><mo>&lArr;</mo><mi>B</mi></mrow></math>" (`expected`). `actual`: "NA" `expected`: "<math><mrow><mi>A</mi><mo>&lArr;</mo><mi>B</mi></mrow></math>" ── Failure ('test-mathml.R:740:13'): ArdoublearrowB ──────────────────────────── `q` (`actual`) not equal to "<math><mrow><mi>A</mi><mo>&rArr;</mo><mi>B</mi></mrow></math>" (`expected`). `actual`: "NA" `expected`: "<math><mrow><mi>A</mi><mo>&rArr;</mo><mi>B</mi></mrow></math>" ── Failure ('test-mathml.R:746:13'): AupdoublearrowB ─────────────────────────── `q` (`actual`) not equal to "<math><mrow><mi>A</mi><mo>&uArr;</mo><mi>B</mi></mrow></math>" (`expected`). `actual`: "NA" `expected`: "<math><mrow><mi>A</mi><mo>&uArr;</mo><mi>B</mi></mrow></math>" ── Failure ('test-mathml.R:752:13'): AdowndoublearrowB ───────────────────────── `q` (`actual`) not equal to "<math><mrow><mi>A</mi><mo>&dArr;</mo><mi>B</mi></mrow></math>" (`expected`). `actual`: "NA" `expected`: "<math><mrow><mi>A</mi><mo>&dArr;</mo><mi>B</mi></mrow></math>" ── Failure ('test-mathml.R:758:13'): meanx ───────────────────────────────────── `q` (`actual`) not equal to "<math><mover accent=\"true\"><mi>X</mi><mo>&macr;</mo></mover></math>" (`expected`). actual vs expected - "NA" + "<math><mover accent=\"true\"><mi>X</mi><mo>&macr;</mo></mover></math>" ── Failure ('test-mathml.R:764:13'): AplusminusB ─────────────────────────────── `q` (`actual`) not equal to "<math><mrow><mi>A</mi><mo>&pm;</mo><mi>B</mi></mrow></math>" (`expected`). `actual`: "NA" `expected`: "<math><mrow><mi>A</mi><mo>&pm;</mo><mi>B</mi></mrow></math>" ── Failure ('test-mathml.R:776:13'): functionifelse ──────────────────────────── `q` (`actual`) not equal to "<math><mrow><mo>{</mo><mtable columnalign=\"left\"><mrow><mn>0</mn><mtext>,</mtext><mspace width=\"thinmathspace\"></mspace><mtext>if</mtext><mspace width=\"thinmathspace\"></mspace><mrow><mi>x</mi><mo>=</mo><mn>0</mn></mrow></mrow><mrow><mrow><mo>-</mo><mn>1</mn></mrow><mtext>,</mtext><mspace width=\"thinmathspace\"></mspace><mtext>if</mtext><mspace width=\"thinmathspace\"></mspace><mrow><mi>x</mi><mo>&lt;</mo><mn>0</mn></mrow></mrow><mrow><mn>1</mn><mtext>,</mtext><mspace width=\"thinmathspace\"></mspace><mtext>if</mtext><mspace width=\"thinmathspace\"></mspace><mrow><mi>x</mi><mo>&gt;</mo><mn>0</mn></mrow></mrow></mtable></mrow></math>" (`expected`). actual vs expected - "NA" + "<math><mrow><mo>{</mo><mtable columnalign=\"left\"><mrow><mn>0</mn><mtext>,</mtext><mspace width=\"thinmathspace\"></mspace><mtext>if</mtext><mspace width=\"thinmathspace\"></mspace><mrow><mi>x</mi><mo>=</mo><mn>0</mn></mrow></mrow><mrow><mrow><mo>-</mo><mn>1</mn></mrow><mtext>,</mtext><mspace width=\"thinmathspace\"></mspace><mtext>if</mtext><mspace width=\"thinmathspace\"></mspace><mrow><mi>x</mi><mo>&lt;</mo><mn>0</mn></mrow></mrow><mrow><mn>1</mn><mtext>,</mtext><mspace width=\"thinmathspace\"></mspace><mtext>if</mtext><mspace width=\"thinmathspace\"></mspace><mrow><mi>x</mi><mo>&gt;</mo><mn>0</mn></mrow></mrow></mtable></mrow></math>" ── Failure ('test-mathml.R:782:13'): integrate ───────────────────────────────── `q` (`actual`) not equal to sprintf(...) (`expected`). actual vs expected - "NA" + "<math><mrow><mrow><mi>value</mi><mo>-</mo><mn>0.0000000</mn></mrow><mspace width=\"thinmathspace\"></mspace><mrow><mi>abs.error</mi><mo>-</mo><mn>0.0000000</mn></mrow><mspace width=\"thinmathspace\"></mspace><mrow><mi>subdivisions</mi><mo>-</mo><mn>1</mn></mrow><mspace width=\"thinmathspace\"></mspace><mrow><mi>message</mi><mo>-</mo><mtext>OK</mtext></mrow><mspace width=\"thinmathspace\"></mspace><mrow><mi>call</mi><mo>-</mo><mrow><mi>integrate</mi><mo>&af;</mo><mrow><mo>(</mo><mrow><mrow><mi>f</mi><mo>=</mo><mi>sin</mi></mrow><mo>,</mo><mrow><mi>lower</mi><mo>=</mo><mn>0</mn></mrow><mo>,</mo><mrow><mi>upper</mi><mo>=</mo><mrow><mn>2</mn><mo>&#x2062;</mo><mi>&pi;</mi></mrow></mrow></mrow><mo>)</mo></mrow></mrow></mrow></mrow></math>" ── Failure ('test-mathml.R:790:13'): vector ──────────────────────────────────── `q` (`actual`) not equal to "<math><msup><mrow><mo>(</mo><mrow><mn>1</mn><mspace width=\"thinmathspace\"></mspace><mn>2</mn><mspace width=\"thinmathspace\"></mspace><mn>3</mn></mrow><mo>)</mo></mrow><mtext>T</mtext></msup></math>" (`expected`). actual vs expected - "NA" + "<math><msup><mrow><mo>(</mo><mrow><mn>1</mn><mspace width=\"thinmathspace\"></mspace><mn>2</mn><mspace width=\"thinmathspace\"></mspace><mn>3</mn></mrow><mo>)</mo></mrow><mtext>T</mtext></msup></math>" ── Failure ('test-mathml.R:798:13'): summatrix ───────────────────────────────── `q` (`actual`) not equal to "<math><mrow><mrow><mo>(</mo><mtable columnalign=\"left\"><mtr><mtd><mn>11</mn></mtd><mtd><mn>13</mn></mtd><mtd><mn>15</mn></mtd></mtr><mtr><mtd><mn>12</mn></mtd><mtd><mn>14</mn></mtd><mtd><mn>16</mn></mtd></mtr></mtable><mo>)</mo></mrow><mo>+</mo><mrow><mo>(</mo><mtable columnalign=\"left\"><mtr><mtd><mn>21</mn></mtd><mtd><mn>23</mn></mtd><mtd><mn>25</mn></mtd></mtr><mtr><mtd><mn>22</mn></mtd><mtd><mn>24</mn></mtd><mtd><mn>26</mn></mtd></mtr></mtable><mo>)</mo></mrow></mrow></math>" (`expected`). actual vs expected - "NA" + "<math><mrow><mrow><mo>(</mo><mtable columnalign=\"left\"><mtr><mtd><mn>11</mn></mtd><mtd><mn>13</mn></mtd><mtd><mn>15</mn></mtd></mtr><mtr><mtd><mn>12</mn></mtd><mtd><mn>14</mn></mtd><mtd><mn>16</mn></mtd></mtr></mtable><mo>)</mo></mrow><mo>+</mo><mrow><mo>(</mo><mtable columnalign=\"left\"><mtr><mtd><mn>21</mn></mtd><mtd><mn>23</mn></mtd><mtd><mn>25</mn></mtd></mtr><mtr><mtd><mn>22</mn></mtd><mtd><mn>24</mn></mtd><mtd><mn>26</mn></mtd></mtr></mtable><mo>)</mo></mrow></mrow></math>" ── Failure ('test-mathml.R:807:13'): denoting ────────────────────────────────── `q` (`actual`) not equal to "<math><mrow><msub><mi>z</mi><mi>&tau;</mi></msub><mo>=</mo><mstyle displaystyle=\"true\"><mfrac><mrow><mi>m</mi><mo>-</mo><mi>E</mi></mrow><mrow><mi>s</mi><mo>/</mo><msqrt><mi>n</mi></msqrt></mrow></mfrac></mstyle></mrow></math><span>, with&nbsp;<span><math><mrow><mi>E</mi><mo>=</mo><mrow><mi>ET</mi><mo>&af;</mo><mrow><mo>(</mo><mrow><mi>&tau;</mi><mo>,</mo><mi>c</mi><mo>,</mo><mi>mu_A</mi><mo>,</mo><mi>sigma_A</mi><mo>,</mo><mi>mu_B</mi><mo>,</mo><mi>sigma_B</mi><mo>,</mo><mi>mu_M</mi></mrow><mo>)</mo></mrow></mrow></mrow></math> denoting the expected mean response time</span></span>" (`expected`). actual vs expected - "NA" + "<math><mrow><msub><mi>z</mi><mi>&tau;</mi></msub><mo>=</mo><mstyle displaystyle=\"true\"><mfrac><mrow><mi>m</mi><mo>-</mo><mi>E</mi></mrow><mrow><mi>s</mi><mo>/</mo><msqrt><mi>n</mi></msqrt></mrow></mfrac></mstyle></mrow></math><span>, with&nbsp;<span><math><mrow><mi>E</mi><mo>=</mo><mrow><mi>ET</mi><mo>&af;</mo><mrow><mo>(</mo><mrow><mi>&tau;</mi><mo>,</mo><mi>c</mi><mo>,</mo><mi>mu_A</mi><mo>,</mo><mi>sigma_A</mi><mo>,</mo><mi>mu_B</mi><mo>,</mo><mi>sigma_B</mi><mo>,</mo><mi>mu_M</mi></mrow><mo>)</mo></mrow></mrow></mrow></math> denoting the expected mean response time</span></span>" ── Failure ('test-mathml.R:815:13'): expressionmolt ──────────────────────────── `q` (`actual`) not equal to "<math><mrow><mrow><mrow><mi>a</mi><mo>&sdot;</mo><mi>b</mi></mrow><mo>+</mo><mfrac><mn>1</mn><mrow><mi>c</mi><mo>&#x2062;</mo><mrow><mo>(</mo><mrow><mi>d</mi><mo>+</mo><mi>e</mi></mrow><mo>)</mo></mrow></mrow></mfrac></mrow><mo>+</mo><mstyle displaystyle=\"true\"><mfrac><mn>1</mn><mrow><mi>g</mi><mo>&times;</mo><mi>h</mi></mrow></mfrac></mstyle></mrow></math>" (`expected`). actual vs expected - "NA" + "<math><mrow><mrow><mrow><mi>a</mi><mo>&sdot;</mo><mi>b</mi></mrow><mo>+</mo><mfrac><mn>1</mn><mrow><mi>c</mi><mo>&#x2062;</mo><mrow><mo>(</mo><mrow><mi>d</mi><mo>+</mo><mi>e</mi></mrow><mo>)</mo></mrow></mrow></mfrac></mrow><mo>+</mo><mstyle displaystyle=\"true\"><mfrac><mn>1</mn><mrow><mi>g</mi><mo>&times;</mo><mi>h</mi></mrow></mfrac></mstyle></mrow></math>" ── Failure ('test-mathml.R:822:13'): omitleft ────────────────────────────────── `q` (`actual`) not equal to "<math><mrow><menclose notation=\"updiagonalstrike\"><mrow><mi>a</mi><mspace width=\"thinmathspace\"></mspace><mo>+</mo></mrow></menclose><mspace width=\"thinmathspace\"></mspace><mi>b</mi></mrow></math>" (`expected`). actual vs expected - "NA" + "<math><mrow><menclose notation=\"updiagonalstrike\"><mrow><mi>a</mi><mspace width=\"thinmathspace\"></mspace><mo>+</mo></mrow></menclose><mspace width=\"thinmathspace\"></mspace><mi>b</mi></mrow></math>" ── Failure ('test-mathml.R:829:13'): omitright ───────────────────────────────── `q` (`actual`) not equal to "<math><mrow><mi>a</mi><mspace width=\"thinmathspace\"></mspace><menclose notation=\"updiagonalstrike\"><mrow><mo>+</mo><mspace width=\"thinmathspace\"></mspace><mi>b</mi></mrow></menclose></mrow></math>" (`expected`). actual vs expected - "NA" + "<math><mrow><mi>a</mi><mspace width=\"thinmathspace\"></mspace><menclose notation=\"updiagonalstrike\"><mrow><mo>+</mo><mspace width=\"thinmathspace\"></mspace><mi>b</mi></mrow></menclose></mrow></math>" ── Failure ('test-mathml.R:836:13'): omit ────────────────────────────────────── `q` (`actual`) not equal to "<math><mrow><mi>a</mi><mspace width=\"thinmathspace\"></mspace><mi>b</mi><mspace width=\"thinmathspace\"></mspace><menclose notation=\"updiagonalstrike\"><mi>c</mi></menclose></mrow></math>" (`expected`). actual vs expected - "NA" + "<math><mrow><mi>a</mi><mspace width=\"thinmathspace\"></mspace><mi>b</mi><mspace width=\"thinmathspace\"></mspace><menclose notation=\"updiagonalstrike\"><mi>c</mi></menclose></mrow></math>" ── Failure ('test-mathml.R:843:13'): addleft ─────────────────────────────────── `q` (`actual`) not equal to "<math><mrow><menclose notation=\"roundedbox\"><mrow><mi>a</mi><mspace width=\"thinmathspace\"></mspace><mo>+</mo></mrow></menclose><mspace width=\"thinmathspace\"></mspace><mi>b</mi></mrow></math>" (`expected`). actual vs expected - "NA" + "<math><mrow><menclose notation=\"roundedbox\"><mrow><mi>a</mi><mspace width=\"thinmathspace\"></mspace><mo>+</mo></mrow></menclose><mspace width=\"thinmathspace\"></mspace><mi>b</mi></mrow></math>" ── Failure ('test-mathml.R:850:13'): addright ────────────────────────────────── `q` (`actual`) not equal to "<math><mrow><mi>a</mi><mspace width=\"thinmathspace\"></mspace><menclose notation=\"roundedbox\"><mrow><mo>+</mo><mspace width=\"thinmathspace\"></mspace><mi>b</mi></mrow></menclose></mrow></math>" (`expected`). actual vs expected - "NA" + "<math><mrow><mi>a</mi><mspace width=\"thinmathspace\"></mspace><menclose notation=\"roundedbox\"><mrow><mo>+</mo><mspace width=\"thinmathspace\"></mspace><mi>b</mi></mrow></menclose></mrow></math>" ── Failure ('test-mathml.R:857:13'): add ─────────────────────────────────────── `q` (`actual`) not equal to "<math><mrow><mi>a</mi><mspace width=\"thinmathspace\"></mspace><mi>b</mi><mspace width=\"thinmathspace\"></mspace><menclose notation=\"roundedbox\"><mi>c</mi></menclose></mrow></math>" (`expected`). actual vs expected - "NA" + "<math><mrow><mi>a</mi><mspace width=\"thinmathspace\"></mspace><mi>b</mi><mspace width=\"thinmathspace\"></mspace><menclose notation=\"roundedbox\"><mi>c</mi></menclose></mrow></math>" ── Failure ('test-mathml.R:864:13'): instead ─────────────────────────────────── `q` (`actual`) not equal to "<math><mrow><munder><munder accentunder=\"true\"><mi>a</mi><mo stretchy=\"true\">&UnderBrace;</mo></munder><mrow><mtext>instead</mtext><mspace width=\"thinmathspace\"></mspace><mtext>of</mtext><mspace width=\"thinmathspace\"></mspace><mi>b</mi></mrow></munder><mo>+</mo><mi>c</mi></mrow></math>" (`expected`). actual vs expected - "NA" + "<math><mrow><munder><munder accentunder=\"true\"><mi>a</mi><mo stretchy=\"true\">&UnderBrace;</mo></munder><mrow><mtext>instead</mtext><mspace width=\"thinmathspace\"></mspace><mtext>of</mtext><mspace width=\"thinmathspace\"></mspace><mi>b</mi></mrow></munder><mo>+</mo><mi>c</mi></mrow></math>" ── Failure ('test-mathml.R:870:13'): Tdiamond ────────────────────────────────── `q` (`actual`) not equal to "<math><msup><mi>T</mi><mi>&diamond;</mi></msup></math>" (`expected`). `actual`: "NA" `expected`: "<math><msup><mi>T</mi><mi>&diamond;</mi></msup></math>" ── Failure ('test-mathml.R:876:13'): digits ──────────────────────────────────── `q` (`actual`) not equal to "<math><mn>3.1416</mn></math>" (`expected`). `actual`: "NA" `expected`: "<math><mn>3.1416</mn></math>" [ FAIL 141 | WARN 293 | SKIP 0 | PASS 0 ] Error: Test failures Execution halted Flavor: r-release-macos-x86_64