Last updated on 2025-11-26 05:51:41 CET.
| Flavor | Version | Tinstall | Tcheck | Ttotal | Status | Flags |
|---|---|---|---|---|---|---|
| r-devel-linux-x86_64-debian-clang | 2.0.8 | 4.56 | 133.83 | 138.39 | NOTE | |
| r-devel-linux-x86_64-debian-gcc | 2.0.8 | 3.47 | 75.55 | 79.02 | NOTE | |
| r-devel-linux-x86_64-fedora-clang | 2.0.8 | 11.00 | 216.69 | 227.69 | NOTE | |
| r-devel-linux-x86_64-fedora-gcc | 2.0.8 | 227.19 | NOTE | |||
| r-devel-windows-x86_64 | 2.0.8 | 10.00 | 146.00 | 156.00 | NOTE | |
| r-patched-linux-x86_64 | 2.0.8 | 3.92 | 124.72 | 128.64 | NOTE | |
| r-release-linux-x86_64 | 2.0.8 | 4.15 | 126.88 | 131.03 | NOTE | |
| r-release-macos-arm64 | 2.0.8 | NOTE | ||||
| r-release-macos-x86_64 | 2.0.8 | 5.00 | 127.00 | 132.00 | NOTE | |
| r-release-windows-x86_64 | 2.0.8 | 9.00 | 144.00 | 153.00 | NOTE | |
| r-oldrel-macos-arm64 | 2.0.8 | NOTE | ||||
| r-oldrel-macos-x86_64 | 2.0.8 | 4.00 | 96.00 | 100.00 | NOTE | |
| r-oldrel-windows-x86_64 | 2.0.8 | 10.00 | 208.00 | 218.00 | NOTE |
Version: 2.0.8
Check: CRAN incoming feasibility
Result: NOTE
Maintainer: ‘Viviane Philipps <viviane.philipps@u-bordeaux.fr>’
No Authors@R field in DESCRIPTION.
Please add one, modifying
Authors@R: c(person(given = "Viviane",
family = "Philipps",
role = c("aut", "cre"),
email = "viviane.philipps@u-bordeaux.fr"),
person(given = "Cecile",
family = "Proust-Lima",
role = "aut"),
person(given = "Melanie",
family = "Prague",
role = "aut"),
person(given = "Boris",
family = "Hejblum",
role = "aut"),
person(given = "Daniel",
family = "Commenges",
role = "aut"),
person(given = "Amadou",
family = "Diakite",
role = "aut"))
as necessary.
Flavors: r-devel-linux-x86_64-debian-clang, r-devel-linux-x86_64-debian-gcc
Version: 2.0.8
Check: Rd files
Result: NOTE
checkRd: (-1) marqLevAlg-package.Rd:14: Lost braces; missing escapes or markup?
14 | (GH^{-1}G).
| ^
Flavors: r-devel-linux-x86_64-debian-clang, r-devel-linux-x86_64-debian-gcc, r-devel-linux-x86_64-fedora-clang, r-devel-linux-x86_64-fedora-gcc, r-devel-windows-x86_64, r-patched-linux-x86_64, r-release-linux-x86_64, r-release-macos-arm64, r-release-macos-x86_64, r-release-windows-x86_64, r-oldrel-macos-arm64, r-oldrel-macos-x86_64, r-oldrel-windows-x86_64