Last updated on 2025-11-26 05:51:41 CET.
| Flavor | Version | Tinstall | Tcheck | Ttotal | Status | Flags |
|---|---|---|---|---|---|---|
| r-devel-linux-x86_64-debian-clang | 0.1.4 | 45.32 | 139.64 | 184.96 | NOTE | |
| r-devel-linux-x86_64-debian-gcc | 0.1.4 | 34.17 | 97.43 | 131.60 | NOTE | |
| r-devel-linux-x86_64-fedora-clang | 0.1.4 | 90.00 | 198.79 | 288.79 | NOTE | |
| r-devel-linux-x86_64-fedora-gcc | 0.1.4 | 95.00 | 175.60 | 270.60 | NOTE | |
| r-devel-windows-x86_64 | 0.1.4 | 51.00 | 124.00 | 175.00 | NOTE | |
| r-patched-linux-x86_64 | 0.1.4 | 41.82 | 130.33 | 172.15 | NOTE | |
| r-release-linux-x86_64 | 0.1.4 | 42.81 | 131.41 | 174.22 | NOTE | |
| r-release-macos-arm64 | 0.1.4 | NOTE | ||||
| r-release-macos-x86_64 | 0.1.4 | 52.00 | 95.00 | 147.00 | NOTE | |
| r-release-windows-x86_64 | 0.1.4 | 47.00 | 122.00 | 169.00 | NOTE | |
| r-oldrel-macos-arm64 | 0.1.4 | OK | ||||
| r-oldrel-macos-x86_64 | 0.1.4 | 33.00 | 75.00 | 108.00 | OK | |
| r-oldrel-windows-x86_64 | 0.1.4 | 62.00 | 165.00 | 227.00 | OK |
Version: 0.1.4
Check: DESCRIPTION meta-information
Result: NOTE
Missing dependency on R >= 4.1.0 because package code uses the pipe
|> or function shorthand \(...) syntax added in R 4.1.0.
File(s) using such syntax:
‘data_analysis_descriptive.R’ ‘functions.R’ ‘main.R’
‘merge_quality_articles.R’
Flavors: r-devel-linux-x86_64-debian-clang, r-devel-linux-x86_64-debian-gcc, r-devel-linux-x86_64-fedora-clang, r-devel-linux-x86_64-fedora-gcc, r-devel-windows-x86_64, r-patched-linux-x86_64, r-release-linux-x86_64, r-release-macos-arm64, r-release-macos-x86_64, r-release-windows-x86_64