Last updated on 2025-11-26 05:51:41 CET.
| Flavor | Version | Tinstall | Tcheck | Ttotal | Status | Flags |
|---|---|---|---|---|---|---|
| r-devel-linux-x86_64-debian-clang | 0.3.5 | 0.42 | 3.42 | 3.84 | ERROR | |
| r-devel-linux-x86_64-debian-gcc | 0.3.5 | 0.32 | 2.99 | 3.31 | ERROR | |
| r-devel-linux-x86_64-fedora-clang | 0.3.5 | 4.62 | ERROR | |||
| r-devel-linux-x86_64-fedora-gcc | 0.3.5 | 4.80 | ERROR | |||
| r-devel-windows-x86_64 | 0.3.5 | 234.00 | 118.00 | 352.00 | NOTE | |
| r-patched-linux-x86_64 | 0.3.5 | 220.41 | 57.77 | 278.18 | NOTE | |
| r-release-linux-x86_64 | 0.3.5 | 213.03 | 57.62 | 270.65 | NOTE | |
| r-release-macos-arm64 | 0.3.5 | NOTE | ||||
| r-release-macos-x86_64 | 0.3.5 | 58.00 | 62.00 | 120.00 | NOTE | |
| r-release-windows-x86_64 | 0.3.5 | 238.00 | 114.00 | 352.00 | NOTE | |
| r-oldrel-macos-arm64 | 0.3.5 | NOTE | ||||
| r-oldrel-macos-x86_64 | 0.3.5 | 56.00 | 63.00 | 119.00 | NOTE | |
| r-oldrel-windows-x86_64 | 0.3.5 | 245.00 | 144.00 | 389.00 | NOTE |
Version: 0.3.5
Check: package dependencies
Result: ERROR
Packages required but not available: 'geojsonsf', 'spatialwidget'
Package suggested but not available for checking: ‘spatialwidget’
See section ‘The DESCRIPTION file’ in the ‘Writing R Extensions’
manual.
Flavors: r-devel-linux-x86_64-debian-clang, r-devel-linux-x86_64-debian-gcc, r-devel-linux-x86_64-fedora-clang, r-devel-linux-x86_64-fedora-gcc
Version: 0.3.5
Check: C++ specification
Result: NOTE
Specified C++14: please drop specification unless essential
Flavors: r-devel-windows-x86_64, r-patched-linux-x86_64, r-release-linux-x86_64, r-release-macos-arm64, r-release-macos-x86_64, r-release-windows-x86_64, r-oldrel-macos-arm64, r-oldrel-macos-x86_64, r-oldrel-windows-x86_64
Version: 0.3.5
Check: installed package size
Result: NOTE
installed size is 22.2Mb
sub-directories of 1Mb or more:
data 1.3Mb
doc 1.6Mb
htmlwidgets 3.5Mb
libs 15.3Mb
Flavors: r-oldrel-macos-arm64, r-oldrel-macos-x86_64, r-oldrel-windows-x86_64