Last updated on 2025-11-26 05:51:41 CET.
| Flavor | Version | Tinstall | Tcheck | Ttotal | Status | Flags |
|---|---|---|---|---|---|---|
| r-devel-linux-x86_64-debian-clang | 0.4.0 | 0.34 | 3.16 | 3.50 | ERROR | |
| r-devel-linux-x86_64-debian-gcc | 0.4.0 | 0.31 | 2.58 | 2.89 | ERROR | |
| r-devel-linux-x86_64-fedora-clang | 0.4.0 | 2.75 | ERROR | |||
| r-devel-linux-x86_64-fedora-gcc | 0.4.0 | 2.57 | ERROR | |||
| r-devel-windows-x86_64 | 0.4.0 | 7.00 | 54.00 | 61.00 | OK | |
| r-patched-linux-x86_64 | 0.4.0 | 2.05 | 28.89 | 30.94 | OK | |
| r-release-linux-x86_64 | 0.4.0 | 1.94 | 28.67 | 30.61 | OK | |
| r-release-macos-arm64 | 0.4.0 | OK | ||||
| r-release-macos-x86_64 | 0.4.0 | 3.00 | 52.00 | 55.00 | OK | |
| r-release-windows-x86_64 | 0.4.0 | 6.00 | 55.00 | 61.00 | OK | |
| r-oldrel-macos-arm64 | 0.4.0 | OK | ||||
| r-oldrel-macos-x86_64 | 0.4.0 | 2.00 | 39.00 | 41.00 | OK | |
| r-oldrel-windows-x86_64 | 0.4.0 | 6.00 | 60.00 | 66.00 | OK |
Version: 0.4.0
Check: CRAN incoming feasibility
Result: NOTE
Maintainer: ‘Stefan Kuethe <crazycapivara@gmail.com>’
Found the following (possibly) invalid URLs:
URL: https://docs.mapbox.com/mapbox-gl-js/api/map/#map#fitbounds
From: man/fit_bounds.Rd
Message: Invalid URL: '#' not allowed in fragment
Flavors: r-devel-linux-x86_64-debian-clang, r-devel-linux-x86_64-debian-gcc
Version: 0.4.0
Check: package dependencies
Result: ERROR
Package required but not available: ‘geojsonsf’
See section ‘The DESCRIPTION file’ in the ‘Writing R Extensions’
manual.
Flavors: r-devel-linux-x86_64-debian-clang, r-devel-linux-x86_64-debian-gcc, r-devel-linux-x86_64-fedora-clang, r-devel-linux-x86_64-fedora-gcc