CRAN Package Check Results for Package mapStats

Last updated on 2025-06-30 18:49:45 CEST.

Flavor Version Tinstall Tcheck Ttotal Status Flags
r-devel-linux-x86_64-debian-clang 3.1 14.40 119.15 133.55 NOTE
r-devel-linux-x86_64-debian-gcc 3.1 10.60 85.32 95.92 NOTE
r-devel-linux-x86_64-fedora-clang 3.1 204.35 OK
r-devel-linux-x86_64-fedora-gcc 3.1 198.51 OK
r-devel-windows-x86_64 3.1 16.00 120.00 136.00 NOTE
r-patched-linux-x86_64 NOTE
r-release-linux-x86_64 3.1 12.41 111.53 123.94 NOTE
r-release-macos-arm64 3.1 53.00 OK
r-release-macos-x86_64 3.1 96.00 OK
r-release-windows-x86_64 3.1 14.00 119.00 133.00 NOTE
r-oldrel-macos-arm64 3.1 48.00 OK
r-oldrel-macos-x86_64 3.1 105.00 OK
r-oldrel-windows-x86_64 3.1 19.00 143.00 162.00 OK

Check Details

Version: 3.1
Check: Rd cross-references
Result: NOTE Found the following Rd file(s) with Rd \link{} targets missing package anchors: mapStats.Rd: spplot Please provide package anchors for all Rd \link{} targets not in the package itself and the base packages. Flavors: r-devel-linux-x86_64-debian-clang, r-devel-linux-x86_64-debian-gcc, r-devel-windows-x86_64, r-patched-linux-x86_64, r-release-linux-x86_64, r-release-windows-x86_64