Last updated on 2025-11-26 05:51:41 CET.
| Flavor | Version | Tinstall | Tcheck | Ttotal | Status | Flags |
|---|---|---|---|---|---|---|
| r-devel-linux-x86_64-debian-clang | 0.10.0 | 0.37 | 3.58 | 3.95 | ERROR | |
| r-devel-linux-x86_64-debian-gcc | 0.10.0 | 0.33 | 2.98 | 3.31 | ERROR | |
| r-devel-linux-x86_64-fedora-clang | 0.10.0 | 2.72 | ERROR | |||
| r-devel-linux-x86_64-fedora-gcc | 0.10.0 | 2.55 | ERROR | |||
| r-devel-windows-x86_64 | 0.10.0 | 12.00 | 133.00 | 145.00 | OK | |
| r-patched-linux-x86_64 | 0.10.0 | 7.69 | 131.92 | 139.61 | OK | |
| r-release-linux-x86_64 | 0.10.0 | 7.25 | 131.18 | 138.43 | OK | |
| r-release-macos-arm64 | 0.10.0 | OK | ||||
| r-release-macos-x86_64 | 0.10.0 | 10.00 | 126.00 | 136.00 | OK | |
| r-release-windows-x86_64 | 0.10.0 | 11.00 | 129.00 | 140.00 | OK | |
| r-oldrel-macos-arm64 | 0.10.0 | OK | ||||
| r-oldrel-macos-x86_64 | 0.10.0 | 7.00 | 113.00 | 120.00 | OK | |
| r-oldrel-windows-x86_64 | 0.10.0 | 12.00 | 171.00 | 183.00 | OK |
Version: 0.10.0
Check: package dependencies
Result: ERROR
Package required but not available: ‘giscoR’
See section ‘The DESCRIPTION file’ in the ‘Writing R Extensions’
manual.
Flavors: r-devel-linux-x86_64-debian-clang, r-devel-linux-x86_64-debian-gcc, r-devel-linux-x86_64-fedora-clang, r-devel-linux-x86_64-fedora-gcc