Last updated on 2025-06-30 18:49:45 CEST.
Flavor | Version | Tinstall | Tcheck | Ttotal | Status | Flags |
---|---|---|---|---|---|---|
r-devel-linux-x86_64-debian-clang | 6.13.2 | 10.30 | 126.60 | 136.90 | OK | |
r-devel-linux-x86_64-debian-gcc | 6.13.2 | 6.15 | 84.74 | 90.89 | OK | |
r-devel-linux-x86_64-fedora-clang | 6.13.2 | 212.40 | OK | |||
r-devel-linux-x86_64-fedora-gcc | 6.13.2 | 215.43 | OK | |||
r-devel-windows-x86_64 | 6.13.2 | 10.00 | 156.00 | 166.00 | OK | |
r-patched-linux-x86_64 | OK | |||||
r-release-linux-x86_64 | 6.13.2 | 9.07 | 116.44 | 125.51 | OK | |
r-release-macos-arm64 | 6.13.2 | 64.00 | OK | |||
r-release-macos-x86_64 | 6.13.2 | 127.00 | OK | |||
r-release-windows-x86_64 | 6.13.2 | 13.00 | 143.00 | 156.00 | OK | |
r-oldrel-macos-arm64 | 6.13.2 | 58.00 | NOTE | |||
r-oldrel-macos-x86_64 | 6.13.2 | 95.00 | NOTE | |||
r-oldrel-windows-x86_64 | 6.13.2 | 12.00 | 171.00 | 183.00 | NOTE |
Version: 6.13.2
Check: package dependencies
Result: NOTE
Packages suggested but not available for checking: 'lpjmlkit', 'quitte'
Flavors: r-oldrel-macos-arm64, r-oldrel-macos-x86_64
Version: 6.13.2
Check: package dependencies
Result: NOTE
Package suggested but not available for checking: 'quitte'
Flavor: r-oldrel-windows-x86_64