Last updated on 2025-06-30 18:49:44 CEST.
Flavor | Version | Tinstall | Tcheck | Ttotal | Status | Flags |
---|---|---|---|---|---|---|
r-devel-linux-x86_64-debian-clang | 1.3.4 | 141.22 | 285.38 | 426.60 | OK | |
r-devel-linux-x86_64-debian-gcc | 1.3.4 | 120.13 | 209.23 | 329.36 | OK | |
r-devel-linux-x86_64-fedora-clang | 1.3.4 | 756.20 | OK | |||
r-devel-linux-x86_64-fedora-gcc | 1.3.4 | 773.12 | OK | |||
r-devel-windows-x86_64 | 1.3.4 | 147.00 | 396.00 | 543.00 | OK | |
r-patched-linux-x86_64 | OK | |||||
r-release-linux-x86_64 | 1.3.4 | 162.14 | 278.55 | 440.69 | OK | |
r-release-macos-arm64 | 1.3.4 | 193.00 | OK | |||
r-release-macos-x86_64 | 1.3.4 | 326.00 | OK | |||
r-release-windows-x86_64 | 1.3.4 | 155.00 | 364.00 | 519.00 | OK | |
r-oldrel-macos-arm64 | 1.3.4 | 190.00 | NOTE | |||
r-oldrel-macos-x86_64 | 1.3.4 | 319.00 | NOTE | |||
r-oldrel-windows-x86_64 | 1.3.4 | 191.00 | 456.00 | 647.00 | OK |
Version: 1.3.4
Check: installed package size
Result: NOTE
installed size is 10.6Mb
sub-directories of 1Mb or more:
libs 9.8Mb
Flavors: r-oldrel-macos-arm64, r-oldrel-macos-x86_64