CRAN Package Check Results for Package lsdbc

Last updated on 2025-02-10 17:49:14 CET.

Flavor Version Tinstall Tcheck Ttotal Status Flags
r-devel-linux-x86_64-debian-clang 0.1.0 1.61 16.87 18.48 OK
r-devel-linux-x86_64-debian-gcc 0.1.0 1.52 13.79 15.31 OK
r-devel-linux-x86_64-fedora-clang 0.1.0 31.23 OK
r-devel-linux-x86_64-fedora-gcc 0.1.0 28.33 OK
r-devel-windows-x86_64 0.1.0 3.00 47.00 50.00 OK
r-patched-linux-x86_64 0.1.0 1.68 16.20 17.88 NOTE
r-release-linux-x86_64 0.1.0 1.77 16.20 17.97 NOTE
r-release-macos-arm64 0.1.0 14.00 NOTE
r-release-macos-x86_64 0.1.0 19.00 NOTE
r-release-windows-x86_64 0.1.0 3.00 42.00 45.00 NOTE
r-oldrel-macos-arm64 0.1.0 16.00 NOTE
r-oldrel-macos-x86_64 0.1.0 19.00 NOTE
r-oldrel-windows-x86_64 0.1.0 3.00 38.00 41.00 NOTE

Check Details

Version: 0.1.0
Check: LazyData
Result: NOTE 'LazyData' is specified without a 'data' directory Flavors: r-patched-linux-x86_64, r-release-linux-x86_64, r-release-macos-arm64, r-release-macos-x86_64, r-release-windows-x86_64, r-oldrel-macos-arm64, r-oldrel-macos-x86_64, r-oldrel-windows-x86_64