CRAN Package Check Results for Package locStra

Last updated on 2025-11-26 05:51:41 CET.

Flavor Version Tinstall Tcheck Ttotal Status Flags
r-devel-linux-x86_64-debian-clang 1.9 61.64 96.60 158.24 NOTE
r-devel-linux-x86_64-debian-gcc 1.9 52.34 71.57 123.91 NOTE
r-devel-linux-x86_64-fedora-clang 1.9 162.00 89.84 251.84 OK
r-devel-linux-x86_64-fedora-gcc 1.9 136.00 123.08 259.08 OK
r-devel-windows-x86_64 1.9 68.00 117.00 185.00 OK
r-patched-linux-x86_64 1.9 66.38 94.78 161.16 OK
r-release-linux-x86_64 1.9 62.38 94.62 157.00 OK
r-release-macos-arm64 1.9 OK
r-release-macos-x86_64 1.9 59.00 82.00 141.00 OK
r-release-windows-x86_64 1.9 61.00 115.00 176.00 OK
r-oldrel-macos-arm64 1.9 NOTE
r-oldrel-macos-x86_64 1.9 38.00 53.00 91.00 NOTE
r-oldrel-windows-x86_64 1.9 75.00 156.00 231.00 OK

Check Details

Version: 1.9
Check: CRAN incoming feasibility
Result: NOTE Maintainer: ‘Georg Hahn <ghahn@hsph.harvard.edu>’ No Authors@R field in DESCRIPTION. Please add one, modifying Authors@R: c(person(given = "Georg", family = "Hahn", role = c("aut", "cre"), email = "ghahn@hsph.harvard.edu"), person(given = c("Sharon", "M."), family = "Lutz", role = "ctb"), person(given = "Christoph", family = "Lange", role = "ctb")) as necessary. Flavors: r-devel-linux-x86_64-debian-clang, r-devel-linux-x86_64-debian-gcc

Version: 1.9
Check: installed package size
Result: NOTE installed size is 27.9Mb sub-directories of 1Mb or more: libs 27.8Mb Flavors: r-oldrel-macos-arm64, r-oldrel-macos-x86_64