Last updated on 2024-06-15 17:57:36 CEST.
Flavor | Version | Tinstall | Tcheck | Ttotal | Status | Flags |
---|---|---|---|---|---|---|
r-devel-linux-x86_64-debian-clang | 1.1.6 | 194.69 | 100.78 | 295.47 | NOTE | |
r-devel-linux-x86_64-debian-gcc | 1.1.6 | 103.41 | 76.46 | 179.87 | NOTE | |
r-devel-linux-x86_64-fedora-clang | 1.1.6 | 446.80 | NOTE | |||
r-devel-linux-x86_64-fedora-gcc | 1.1.6 | 412.64 | NOTE | |||
r-devel-windows-x86_64 | 1.1.6 | 133.00 | 105.00 | 238.00 | NOTE | |
r-patched-linux-x86_64 | 1.1.6 | 149.95 | 93.55 | 243.50 | NOTE | |
r-release-linux-x86_64 | 1.1.6 | 148.57 | 93.57 | 242.14 | NOTE | |
r-release-macos-arm64 | 1.1.6 | 111.00 | NOTE | |||
r-release-macos-x86_64 | 1.1.6 | 128.00 | NOTE | |||
r-release-windows-x86_64 | 1.1.6 | 137.00 | 114.00 | 251.00 | NOTE | |
r-oldrel-macos-arm64 | 1.1.6 | 132.00 | NOTE | |||
r-oldrel-macos-x86_64 | 1.1.6 | 198.00 | NOTE | |||
r-oldrel-windows-x86_64 | 1.1.6 | 170.00 | 127.00 | 297.00 | NOTE |
Version: 1.1.6
Check: C++ specification
Result: NOTE
Specified C++11: please drop specification unless essential
Flavors: r-devel-linux-x86_64-debian-clang, r-devel-linux-x86_64-debian-gcc, r-devel-linux-x86_64-fedora-clang, r-devel-linux-x86_64-fedora-gcc, r-devel-windows-x86_64, r-patched-linux-x86_64, r-release-linux-x86_64, r-release-macos-arm64, r-release-macos-x86_64, r-release-windows-x86_64, r-oldrel-macos-arm64, r-oldrel-macos-x86_64, r-oldrel-windows-x86_64