CRAN Package Check Results for Package lgtdl

Last updated on 2025-11-26 05:51:40 CET.

Flavor Version Tinstall Tcheck Ttotal Status Flags
r-devel-linux-x86_64-debian-clang 1.1.5 1.65 19.41 21.06 NOTE
r-devel-linux-x86_64-debian-gcc 1.1.5 1.30 16.27 17.57 NOTE
r-devel-linux-x86_64-fedora-clang 1.1.5 31.08 OK
r-devel-linux-x86_64-fedora-gcc 1.1.5 29.61 OK
r-devel-windows-x86_64 1.1.5 3.00 39.00 42.00 OK
r-patched-linux-x86_64 1.1.5 1.70 18.05 19.75 OK
r-release-linux-x86_64 1.1.5 1.65 18.00 19.65 OK
r-release-macos-arm64 1.1.5 OK
r-release-macos-x86_64 1.1.5 2.00 22.00 24.00 OK
r-release-windows-x86_64 1.1.5 3.00 37.00 40.00 OK
r-oldrel-macos-arm64 1.1.5 OK
r-oldrel-macos-x86_64 1.1.5 1.00 19.00 20.00 OK
r-oldrel-windows-x86_64 1.1.5 3.00 39.00 42.00 OK

Check Details

Version: 1.1.5
Check: CRAN incoming feasibility
Result: NOTE Maintainer: ‘Arthur Allignol <arthur.allignol@gmail.com>’ No Authors@R field in DESCRIPTION. Please add one, modifying Authors@R: c(person(given = "R.", family = "Gentleman", role = "aut"), person(given = "Arthur", family = "Allignol", role = "cre", email = "arthur.allignol@gmail.com")) as necessary. Flavors: r-devel-linux-x86_64-debian-clang, r-devel-linux-x86_64-debian-gcc