Last updated on 2024-06-15 17:57:36 CEST.
Flavor | Version | Tinstall | Tcheck | Ttotal | Status | Flags |
---|---|---|---|---|---|---|
r-devel-linux-x86_64-debian-clang | 0.6-2 | 4.95 | 38.01 | 42.96 | OK | |
r-devel-linux-x86_64-debian-gcc | 0.6-2 | 4.34 | 30.18 | 34.52 | OK | |
r-devel-linux-x86_64-fedora-clang | 0.6-2 | 55.58 | NOTE | |||
r-devel-linux-x86_64-fedora-gcc | 0.6-2 | 52.51 | NOTE | |||
r-devel-windows-x86_64 | 0.6-2 | 6.00 | 54.00 | 60.00 | OK | |
r-patched-linux-x86_64 | 0.6-2 | 6.27 | 36.60 | 42.87 | OK | |
r-release-linux-x86_64 | 0.6-2 | 4.51 | 36.15 | 40.66 | OK | |
r-release-macos-arm64 | 0.6-2 | 21.00 | OK | |||
r-release-macos-x86_64 | 0.6-2 | 28.00 | OK | |||
r-release-windows-x86_64 | 0.6-2 | 7.00 | 55.00 | 62.00 | OK | |
r-oldrel-macos-arm64 | 0.6-2 | 24.00 | OK | |||
r-oldrel-macos-x86_64 | 0.6-2 | 33.00 | OK | |||
r-oldrel-windows-x86_64 | 0.6-2 | 8.00 | 59.00 | 67.00 | OK |
Version: 0.6-2
Check: compiled code
Result: NOTE
File ‘lgarch/libs/lgarch.so’:
Found no calls to: ‘R_registerRoutines’, ‘R_useDynamicSymbols’
It is good practice to register native routines and to disable symbol
search.
See ‘Writing portable packages’ in the ‘Writing R Extensions’ manual.
Flavors: r-devel-linux-x86_64-fedora-clang, r-devel-linux-x86_64-fedora-gcc