Last updated on 2025-11-04 13:50:18 CET.
| Flavor | Version | Tinstall | Tcheck | Ttotal | Status | Flags |
|---|---|---|---|---|---|---|
| r-devel-linux-x86_64-debian-clang | 1.5.7 | 433.01 | 271.91 | 704.92 | OK | |
| r-devel-linux-x86_64-debian-gcc | 1.5.7 | 314.26 | 177.76 | 492.02 | OK | |
| r-devel-linux-x86_64-fedora-clang | 1.5.7 | 560.00 | 772.26 | 1332.26 | OK | |
| r-devel-linux-x86_64-fedora-gcc | 1.5.7 | 429.00 | 883.37 | 1312.37 | OK | |
| r-devel-windows-x86_64 | 1.5.7 | 492.00 | 346.00 | 838.00 | OK | |
| r-patched-linux-x86_64 | 1.5.7 | 468.08 | 267.93 | 736.01 | OK | |
| r-release-linux-x86_64 | 1.5.7 | 447.47 | 270.22 | 717.69 | OK | |
| r-release-macos-arm64 | 1.5.7 | 160.00 | 135.00 | 295.00 | OK | |
| r-release-macos-x86_64 | 1.5.7 | 137.00 | 298.00 | 435.00 | OK | |
| r-release-windows-x86_64 | 1.5.7 | 473.00 | 344.00 | 817.00 | OK | |
| r-oldrel-macos-arm64 | 1.5.7 | 158.00 | 139.00 | 297.00 | NOTE | |
| r-oldrel-macos-x86_64 | 1.5.7 | 157.00 | 297.00 | 454.00 | NOTE | |
| r-oldrel-windows-x86_64 | 1.5.7 | 603.00 | 449.00 | 1052.00 | NOTE |
Version: 1.5.7
Check: installed package size
Result: NOTE
installed size is 48.6Mb
sub-directories of 1Mb or more:
help 1.1Mb
libs 45.6Mb
Flavors: r-oldrel-macos-arm64, r-oldrel-macos-x86_64, r-oldrel-windows-x86_64
Version: 1.5.7
Check: for GNU extensions in Makefiles
Result: NOTE
GNU make is a SystemRequirements.
Flavors: r-oldrel-macos-arm64, r-oldrel-macos-x86_64, r-oldrel-windows-x86_64