Last updated on 2025-06-30 18:49:44 CEST.
Flavor | Version | Tinstall | Tcheck | Ttotal | Status | Flags |
---|---|---|---|---|---|---|
r-devel-linux-x86_64-debian-clang | 0.1.35 | 210.32 | 36.99 | 247.31 | OK | |
r-devel-linux-x86_64-debian-gcc | 0.1.35 | 160.90 | 29.50 | 190.40 | OK | |
r-devel-linux-x86_64-fedora-clang | 0.1.35 | 466.51 | OK | |||
r-devel-linux-x86_64-fedora-gcc | 0.1.35 | 445.36 | OK | |||
r-devel-windows-x86_64 | 0.1.35 | 454.00 | 94.00 | 548.00 | OK | |
r-patched-linux-x86_64 | OK | |||||
r-release-linux-x86_64 | 0.1.35 | 206.28 | 35.48 | 241.76 | OK | |
r-release-macos-arm64 | 0.1.35 | 124.00 | OK | |||
r-release-macos-x86_64 | 0.1.35 | 163.00 | OK | |||
r-release-windows-x86_64 | 0.1.35 | 456.00 | 90.00 | 546.00 | OK | |
r-oldrel-macos-arm64 | 0.1.35 | 129.00 | NOTE | |||
r-oldrel-macos-x86_64 | 0.1.35 | 163.00 | NOTE | |||
r-oldrel-windows-x86_64 | 0.1.35 | 497.00 | 114.00 | 611.00 | NOTE |
Version: 0.1.35
Check: installed package size
Result: NOTE
installed size is 16.1Mb
sub-directories of 1Mb or more:
libs 15.7Mb
Flavors: r-oldrel-macos-arm64, r-oldrel-macos-x86_64, r-oldrel-windows-x86_64