Last updated on 2025-11-26 05:51:40 CET.
| Flavor | Version | Tinstall | Tcheck | Ttotal | Status | Flags |
|---|---|---|---|---|---|---|
| r-devel-linux-x86_64-debian-clang | 0.2.0 | 2.52 | 26.12 | 28.64 | OK | |
| r-devel-linux-x86_64-debian-gcc | 0.2.0 | 2.25 | 21.26 | 23.51 | OK | |
| r-devel-linux-x86_64-fedora-clang | 0.2.0 | 13.00 | 29.66 | 42.66 | OK | |
| r-devel-linux-x86_64-fedora-gcc | 0.2.0 | 41.10 | OK | |||
| r-devel-windows-x86_64 | 0.2.0 | 8.00 | 44.00 | 52.00 | OK | |
| r-patched-linux-x86_64 | 0.2.0 | 2.74 | 23.24 | 25.98 | OK | |
| r-release-linux-x86_64 | 0.2.0 | 2.61 | 23.39 | 26.00 | OK | |
| r-release-macos-arm64 | 0.2.0 | OK | ||||
| r-release-macos-x86_64 | 0.2.0 | 2.00 | 24.00 | 26.00 | OK | |
| r-release-windows-x86_64 | 0.2.0 | 6.00 | 42.00 | 48.00 | OK | |
| r-oldrel-macos-arm64 | 0.2.0 | NOTE | ||||
| r-oldrel-macos-x86_64 | 0.2.0 | 2.00 | 22.00 | 24.00 | NOTE | |
| r-oldrel-windows-x86_64 | 0.2.0 | 6.00 | 50.00 | 56.00 | NOTE |
Version: 0.2.0
Check: LazyData
Result: NOTE
'LazyData' is specified without a 'data' directory
Flavors: r-oldrel-macos-arm64, r-oldrel-macos-x86_64, r-oldrel-windows-x86_64