Last updated on 2025-11-26 05:51:40 CET.
| Flavor | Version | Tinstall | Tcheck | Ttotal | Status | Flags |
|---|---|---|---|---|---|---|
| r-devel-linux-x86_64-debian-clang | 2.0.0 | 2.05 | 28.89 | 30.94 | OK | |
| r-devel-linux-x86_64-debian-gcc | 2.0.0 | 1.65 | 23.90 | 25.55 | OK | |
| r-devel-linux-x86_64-fedora-clang | 2.0.0 | 46.77 | OK | |||
| r-devel-linux-x86_64-fedora-gcc | 2.0.0 | 41.99 | OK | |||
| r-devel-windows-x86_64 | 2.0.0 | 6.00 | 31.00 | 37.00 | OK | |
| r-patched-linux-x86_64 | 2.0.0 | 1.84 | 26.45 | 28.29 | OK | |
| r-release-linux-x86_64 | 2.0.0 | 2.02 | 26.45 | 28.47 | OK | |
| r-release-macos-arm64 | 2.0.0 | OK | ||||
| r-release-macos-x86_64 | 2.0.0 | 3.00 | 51.00 | 54.00 | OK | |
| r-release-windows-x86_64 | 2.0.0 | 4.00 | 50.00 | 54.00 | OK | |
| r-oldrel-macos-arm64 | 2.0.0 | NOTE | ||||
| r-oldrel-macos-x86_64 | 2.0.0 | 3.00 | 43.00 | 46.00 | OK | |
| r-oldrel-windows-x86_64 | 2.0.0 | 5.00 | 58.00 | 63.00 | OK |
Version: 2.0.0
Check: package dependencies
Result: NOTE
Package suggested but not available for checking: ‘V8’
Flavor: r-oldrel-macos-arm64