Last updated on 2025-11-26 05:51:40 CET.
| Flavor | Version | Tinstall | Tcheck | Ttotal | Status | Flags |
|---|---|---|---|---|---|---|
| r-devel-linux-x86_64-debian-clang | 0.2.5 | 0.35 | 2.41 | 2.76 | ERROR | |
| r-devel-linux-x86_64-debian-gcc | 0.2.5 | 0.29 | 1.89 | 2.18 | ERROR | |
| r-devel-linux-x86_64-fedora-clang | 0.2.5 | 4.83 | ERROR | |||
| r-devel-linux-x86_64-fedora-gcc | 0.2.5 | 4.20 | ERROR | |||
| r-devel-windows-x86_64 | 0.2.5 | 32.00 | 201.00 | 233.00 | OK | |
| r-patched-linux-x86_64 | 0.2.5 | 30.37 | 244.57 | 274.94 | OK | |
| r-release-linux-x86_64 | 0.2.5 | 33.70 | 246.54 | 280.24 | OK | |
| r-release-macos-arm64 | 0.2.5 | OK | ||||
| r-release-macos-x86_64 | 0.2.5 | 31.00 | 178.00 | 209.00 | OK | |
| r-release-windows-x86_64 | 0.2.5 | 31.00 | 201.00 | 232.00 | OK | |
| r-oldrel-macos-arm64 | 0.2.5 | OK | ||||
| r-oldrel-macos-x86_64 | 0.2.5 | 27.00 | 193.00 | 220.00 | OK | |
| r-oldrel-windows-x86_64 | 0.2.5 | 43.00 | 284.00 | 327.00 | OK |
Version: 0.2.5
Check: package dependencies
Result: ERROR
Package required but not available: ‘geojsonsf’
Packages suggested but not available for checking: 'leafgl', 'mapdeck'
See section ‘The DESCRIPTION file’ in the ‘Writing R Extensions’
manual.
Flavors: r-devel-linux-x86_64-debian-clang, r-devel-linux-x86_64-debian-gcc, r-devel-linux-x86_64-fedora-clang, r-devel-linux-x86_64-fedora-gcc