Last updated on 2025-11-26 05:51:40 CET.
| Flavor | Version | Tinstall | Tcheck | Ttotal | Status | Flags |
|---|---|---|---|---|---|---|
| r-devel-linux-x86_64-debian-clang | 0.3.2 | 2.20 | 37.89 | 40.09 | NOTE | |
| r-devel-linux-x86_64-debian-gcc | 0.3.2 | 1.89 | 27.59 | 29.48 | NOTE | |
| r-devel-linux-x86_64-fedora-clang | 0.3.2 | 61.36 | OK | |||
| r-devel-linux-x86_64-fedora-gcc | 0.3.2 | 57.98 | OK | |||
| r-devel-windows-x86_64 | 0.3.2 | 4.00 | 50.00 | 54.00 | OK | |
| r-patched-linux-x86_64 | 0.3.2 | 2.44 | 35.07 | 37.51 | OK | |
| r-release-linux-x86_64 | 0.3.2 | 2.22 | 34.58 | 36.80 | OK | |
| r-release-macos-arm64 | 0.3.2 | OK | ||||
| r-release-macos-x86_64 | 0.3.2 | 2.00 | 32.00 | 34.00 | OK | |
| r-release-windows-x86_64 | 0.3.2 | 3.00 | 59.00 | 62.00 | OK | |
| r-oldrel-macos-arm64 | 0.3.2 | OK | ||||
| r-oldrel-macos-x86_64 | 0.3.2 | 2.00 | 28.00 | 30.00 | OK | |
| r-oldrel-windows-x86_64 | 0.3.2 | 4.00 | 61.00 | 65.00 | OK |
Version: 0.3.2
Check: CRAN incoming feasibility
Result: NOTE
Maintainer: ‘Michael Buecker <michael.buecker@fh-muenster.de>’
No Authors@R field in DESCRIPTION.
Please add one, modifying
Authors@R: person(given = "Michael",
family = "Buecker",
role = c("aut", "cre"),
email = "michael.buecker@fh-muenster.de")
as necessary.
Flavors: r-devel-linux-x86_64-debian-clang, r-devel-linux-x86_64-debian-gcc