Last updated on 2025-11-04 13:50:18 CET.
| Flavor | Version | Tinstall | Tcheck | Ttotal | Status | Flags |
|---|---|---|---|---|---|---|
| r-devel-linux-x86_64-debian-clang | 1.1.0 | 20.51 | 39.22 | 59.73 | NOTE | |
| r-devel-linux-x86_64-debian-gcc | 1.1.0 | 17.77 | 30.04 | 47.81 | NOTE | |
| r-devel-linux-x86_64-fedora-clang | 1.1.0 | 82.00 | 26.73 | 108.73 | NOTE | |
| r-devel-linux-x86_64-fedora-gcc | 1.1.0 | 48.00 | 70.59 | 118.59 | NOTE | |
| r-devel-windows-x86_64 | 1.1.0 | 31.00 | 75.00 | 106.00 | NOTE | |
| r-patched-linux-x86_64 | 1.1.0 | 25.45 | 36.22 | 61.67 | NOTE | |
| r-release-linux-x86_64 | 1.1.0 | 25.22 | 36.32 | 61.54 | NOTE | |
| r-release-macos-arm64 | 1.1.0 | 10.00 | 38.00 | 48.00 | NOTE | |
| r-release-macos-x86_64 | 1.1.0 | 12.00 | 50.00 | 62.00 | NOTE | |
| r-release-windows-x86_64 | 1.1.0 | 32.00 | 74.00 | 106.00 | NOTE | |
| r-oldrel-macos-arm64 | 1.1.0 | 11.00 | 25.00 | 36.00 | NOTE | |
| r-oldrel-macos-x86_64 | 1.1.0 | 12.00 | 41.00 | 53.00 | NOTE | |
| r-oldrel-windows-x86_64 | 1.1.0 | 33.00 | 95.00 | 128.00 | NOTE |
Version: 1.1.0
Check: C++ specification
Result: NOTE
Specified C++11: please drop specification unless essential
Flavors: r-devel-linux-x86_64-debian-clang, r-devel-linux-x86_64-debian-gcc, r-devel-linux-x86_64-fedora-clang, r-devel-linux-x86_64-fedora-gcc, r-devel-windows-x86_64, r-patched-linux-x86_64, r-release-linux-x86_64, r-release-macos-arm64, r-release-macos-x86_64, r-release-windows-x86_64, r-oldrel-macos-arm64, r-oldrel-macos-x86_64, r-oldrel-windows-x86_64