Last updated on 2024-08-16 06:50:03 CEST.
Flavor | Version | Tinstall | Tcheck | Ttotal | Status | Flags |
---|---|---|---|---|---|---|
r-devel-linux-x86_64-debian-clang | 2.1.4 | 91.33 | 232.45 | 323.78 | OK | |
r-devel-linux-x86_64-debian-gcc | 2.1.4 | 62.23 | 148.31 | 210.54 | OK | |
r-devel-linux-x86_64-fedora-clang | 2.1.4 | 552.59 | OK | |||
r-devel-linux-x86_64-fedora-gcc | 2.1.4 | 545.22 | OK | |||
r-devel-windows-x86_64 | 2.1.4 | 103.00 | 281.00 | 384.00 | OK | |
r-patched-linux-x86_64 | 2.1.4 | 90.57 | 211.89 | 302.46 | OK | |
r-release-linux-x86_64 | 2.1.4 | 84.86 | 210.68 | 295.54 | OK | |
r-release-macos-arm64 | 2.1.4 | 137.00 | NOTE | |||
r-release-macos-x86_64 | 2.1.4 | 358.00 | NOTE | |||
r-release-windows-x86_64 | 2.1.4 | 104.00 | 284.00 | 388.00 | OK | |
r-oldrel-macos-arm64 | 2.1.4 | 152.00 | NOTE | |||
r-oldrel-macos-x86_64 | 2.1.4 | 268.00 | NOTE | |||
r-oldrel-windows-x86_64 | 2.1.4 | 121.00 | 352.00 | 473.00 | OK |
Version: 2.1.4
Check: installed package size
Result: NOTE
installed size is 5.5Mb
sub-directories of 1Mb or more:
libs 3.8Mb
Flavors: r-release-macos-arm64, r-release-macos-x86_64, r-oldrel-macos-arm64, r-oldrel-macos-x86_64