Last updated on 2024-06-17 18:53:11 CEST.
Flavor | Version | Tinstall | Tcheck | Ttotal | Status | Flags |
---|---|---|---|---|---|---|
r-devel-linux-x86_64-debian-clang | 2.2.3 | 22.97 | 29.29 | 52.26 | NOTE | |
r-devel-linux-x86_64-debian-gcc | 2.2.3 | 14.62 | 22.94 | 37.56 | NOTE | |
r-devel-linux-x86_64-fedora-clang | 2.2.4 | 72.06 | NOTE | |||
r-devel-linux-x86_64-fedora-gcc | 2.2.3 | 68.50 | NOTE | |||
r-devel-windows-x86_64 | 2.2.3 | 20.00 | 63.00 | 83.00 | NOTE | |
r-patched-linux-x86_64 | 2.2.3 | 17.18 | 28.02 | 45.20 | NOTE | |
r-release-linux-x86_64 | 2.2.3 | 16.69 | 28.25 | 44.94 | NOTE | |
r-release-macos-arm64 | 2.2.3 | 22.00 | NOTE | |||
r-release-macos-x86_64 | 2.2.3 | 34.00 | NOTE | |||
r-release-windows-x86_64 | 2.2.3 | 22.00 | 62.00 | 84.00 | NOTE | |
r-oldrel-macos-arm64 | 2.2.3 | 28.00 | NOTE | |||
r-oldrel-macos-x86_64 | 2.2.4 | 87.00 | NOTE | |||
r-oldrel-windows-x86_64 | 2.2.3 | 22.00 | 71.00 | 93.00 | NOTE |
Version: 2.2.3
Check: for GNU extensions in Makefiles
Result: NOTE
GNU make is a SystemRequirements.
Flavors: r-devel-linux-x86_64-debian-clang, r-devel-linux-x86_64-debian-gcc, r-devel-linux-x86_64-fedora-gcc, r-devel-windows-x86_64, r-patched-linux-x86_64, r-release-linux-x86_64, r-release-macos-arm64, r-release-macos-x86_64, r-release-windows-x86_64, r-oldrel-macos-arm64, r-oldrel-windows-x86_64
Version: 2.2.4
Check: Rd cross-references
Result: NOTE
Undeclared package ‘gsl’ in Rd xrefs
Flavor: r-devel-linux-x86_64-fedora-clang
Version: 2.2.4
Check: for GNU extensions in Makefiles
Result: NOTE
GNU make is a SystemRequirements.
Flavors: r-devel-linux-x86_64-fedora-clang, r-oldrel-macos-x86_64