Last updated on 2024-08-16 06:50:03 CEST.
Flavor | Version | Tinstall | Tcheck | Ttotal | Status | Flags |
---|---|---|---|---|---|---|
r-devel-linux-x86_64-debian-clang | 1.0.0 | 9.11 | 46.35 | 55.46 | NOTE | |
r-devel-linux-x86_64-debian-gcc | 1.0.0 | 7.19 | 38.46 | 45.65 | NOTE | |
r-devel-linux-x86_64-fedora-clang | 1.0.0 | 92.77 | OK | |||
r-devel-linux-x86_64-fedora-gcc | 1.0.0 | 99.03 | OK | |||
r-devel-windows-x86_64 | 1.0.0 | 10.00 | 65.00 | 75.00 | NOTE | |
r-patched-linux-x86_64 | 1.0.0 | 11.70 | 46.90 | 58.60 | OK | |
r-release-linux-x86_64 | 1.0.0 | 8.12 | 47.17 | 55.29 | OK | |
r-release-macos-arm64 | 1.0.0 | 40.00 | OK | |||
r-release-macos-x86_64 | 1.0.0 | 56.00 | OK | |||
r-release-windows-x86_64 | 1.0.0 | 10.00 | 72.00 | 82.00 | OK | |
r-oldrel-macos-arm64 | 1.0.0 | 43.00 | OK | |||
r-oldrel-macos-x86_64 | 1.0.0 | 60.00 | OK | |||
r-oldrel-windows-x86_64 | 1.0.0 | 11.00 | 70.00 | 81.00 | OK |
Version: 1.0.0
Check: Rd cross-references
Result: NOTE
Found the following Rd file(s) with Rd \link{} targets missing package
anchors:
get_stopwords.Rd: stopwords, data_stopwords_misc
identify_language.Rd: cld2
Please provide package anchors for all Rd \link{} targets not in the
package itself and the base packages.
Flavors: r-devel-linux-x86_64-debian-clang, r-devel-linux-x86_64-debian-gcc, r-devel-windows-x86_64