CRAN Package Check Results for Package kvh

Last updated on 2025-06-30 18:49:44 CEST.

Flavor Version Tinstall Tcheck Ttotal Status Flags
r-devel-linux-x86_64-debian-clang 1.4.2 12.30 24.68 36.98 NOTE
r-devel-linux-x86_64-debian-gcc 1.4.2 9.24 19.86 29.10 NOTE
r-devel-linux-x86_64-fedora-clang 1.4.2 59.03 OK
r-devel-linux-x86_64-fedora-gcc 1.4.2 58.25 OK
r-devel-windows-x86_64 1.4.2 15.00 67.00 82.00 OK
r-patched-linux-x86_64 OK
r-release-linux-x86_64 1.4.2 13.47 23.28 36.75 OK
r-release-macos-arm64 1.4.2 22.00 OK
r-release-macos-x86_64 1.4.2 34.00 OK
r-release-windows-x86_64 1.4.2 16.00 64.00 80.00 OK
r-oldrel-macos-arm64 1.4.2 22.00 OK
r-oldrel-macos-x86_64 1.4.2 31.00 OK
r-oldrel-windows-x86_64 1.4.2 15.00 74.00 89.00 OK

Check Details

Version: 1.4.2
Check: CRAN incoming feasibility
Result: NOTE Maintainer: ‘Serguei Sokol <sokol@insa-toulouse.fr>’ No Authors@R field in DESCRIPTION. Please add one, modifying Authors@R: person(given = "Serguei", family = "Sokol", role = c("aut", "cre"), email = "sokol@insa-toulouse.fr") as necessary. Flavors: r-devel-linux-x86_64-debian-clang, r-devel-linux-x86_64-debian-gcc