Last updated on 2025-11-25 17:49:54 CET.
| Flavor | Version | Tinstall | Tcheck | Ttotal | Status | Flags |
|---|---|---|---|---|---|---|
| r-devel-linux-x86_64-debian-clang | 0.4.4 | 3.67 | 41.79 | 45.46 | OK | |
| r-devel-linux-x86_64-debian-gcc | 0.4.4 | 2.94 | 30.85 | 33.79 | OK | |
| r-devel-linux-x86_64-fedora-clang | 0.4.4 | 65.01 | OK | |||
| r-devel-linux-x86_64-fedora-gcc | 0.4.4 | 61.29 | OK | |||
| r-devel-windows-x86_64 | 0.4.4 | 12.00 | 57.00 | 69.00 | OK | |
| r-patched-linux-x86_64 | 0.4.4 | 4.20 | 37.46 | 41.66 | OK | |
| r-release-linux-x86_64 | 0.4.4 | 4.36 | 38.48 | 42.84 | OK | |
| r-release-macos-arm64 | 0.4.4 | OK | ||||
| r-release-macos-x86_64 | 0.4.4 | 4.00 | 36.00 | 40.00 | OK | |
| r-release-windows-x86_64 | 0.4.4 | 6.00 | 55.00 | 61.00 | OK | |
| r-oldrel-macos-arm64 | 0.4.4 | NOTE | ||||
| r-oldrel-macos-x86_64 | 0.4.4 | 3.00 | 31.00 | 34.00 | NOTE | |
| r-oldrel-windows-x86_64 | 0.4.4 | 7.00 | 66.00 | 73.00 | NOTE |
Version: 0.4.4
Check: LazyData
Result: NOTE
'LazyData' is specified without a 'data' directory
Flavors: r-oldrel-macos-arm64, r-oldrel-macos-x86_64, r-oldrel-windows-x86_64