Last updated on 2025-11-26 05:51:40 CET.
| Flavor | Version | Tinstall | Tcheck | Ttotal | Status | Flags |
|---|---|---|---|---|---|---|
| r-devel-linux-x86_64-debian-clang | 0.4-2 | 17.09 | 68.62 | 85.71 | NOTE | |
| r-devel-linux-x86_64-debian-gcc | 0.4-2 | 13.92 | 51.98 | 65.90 | NOTE | |
| r-devel-linux-x86_64-fedora-clang | 0.4-2 | 41.00 | 88.04 | 129.04 | NOTE | |
| r-devel-linux-x86_64-fedora-gcc | 0.4-2 | 42.00 | 80.88 | 122.88 | NOTE | |
| r-devel-windows-x86_64 | 0.4-2 | 32.00 | 91.00 | 123.00 | NOTE | |
| r-patched-linux-x86_64 | 0.4-2 | 19.25 | 63.50 | 82.75 | NOTE | |
| r-release-linux-x86_64 | 0.4-2 | 17.89 | 65.89 | 83.78 | NOTE | |
| r-release-macos-arm64 | 0.4-2 | NOTE | ||||
| r-release-macos-x86_64 | 0.4-2 | 16.00 | 67.00 | 83.00 | NOTE | |
| r-release-windows-x86_64 | 0.4-2 | 25.00 | 90.00 | 115.00 | NOTE | |
| r-oldrel-macos-arm64 | 0.4-2 | NOTE | ||||
| r-oldrel-macos-x86_64 | 0.4-2 | 19.00 | 44.00 | 63.00 | NOTE | |
| r-oldrel-windows-x86_64 | 0.4-2 | 31.00 | 119.00 | 150.00 | NOTE |
Version: 0.4-2
Check: Rd files
Result: NOTE
checkRd: (-1) plotkmc.Rd:21: Lost braces; missing escapes or markup?
21 | list of two functions,flist=list( f1=function( x ) { x } ,f2=function( x ) { x^2 } )
| ^
checkRd: (-1) plotkmc.Rd:21: Lost braces; missing escapes or markup?
21 | list of two functions,flist=list( f1=function( x ) { x } ,f2=function( x ) { x^2 } )
| ^
Flavors: r-devel-linux-x86_64-debian-clang, r-devel-linux-x86_64-debian-gcc, r-devel-linux-x86_64-fedora-clang, r-devel-linux-x86_64-fedora-gcc, r-devel-windows-x86_64, r-patched-linux-x86_64, r-release-linux-x86_64, r-release-macos-arm64, r-release-macos-x86_64, r-release-windows-x86_64, r-oldrel-macos-arm64, r-oldrel-macos-x86_64, r-oldrel-windows-x86_64