Last updated on 2024-06-15 17:57:36 CEST.
Flavor | Version | Tinstall | Tcheck | Ttotal | Status | Flags |
---|---|---|---|---|---|---|
r-devel-linux-x86_64-debian-clang | 0.2.0 | 2.36 | 31.93 | 34.29 | NOTE | |
r-devel-linux-x86_64-debian-gcc | 0.2.0 | 1.87 | 24.24 | 26.11 | NOTE | |
r-devel-linux-x86_64-fedora-clang | 0.2.0 | 41.66 | NOTE | |||
r-devel-linux-x86_64-fedora-gcc | 0.2.0 | 39.77 | NOTE | |||
r-devel-windows-x86_64 | 0.2.0 | 3.00 | 131.00 | 134.00 | NOTE | |
r-patched-linux-x86_64 | 0.2.0 | 2.16 | 31.37 | 33.53 | NOTE | |
r-release-linux-x86_64 | 0.2.0 | 2.11 | 31.12 | 33.23 | NOTE | |
r-release-macos-arm64 | 0.2.0 | 114.00 | NOTE | |||
r-release-macos-x86_64 | 0.2.0 | 124.00 | NOTE | |||
r-release-windows-x86_64 | 0.2.0 | 3.00 | 143.00 | 146.00 | NOTE | |
r-oldrel-macos-arm64 | 0.2.0 | 137.00 | NOTE | |||
r-oldrel-macos-x86_64 | 0.2.0 | 132.00 | NOTE | |||
r-oldrel-windows-x86_64 | 0.2.0 | 4.00 | 132.00 | 136.00 | NOTE |
Version: 0.2.0
Check: LazyData
Result: NOTE
'LazyData' is specified without a 'data' directory
Flavors: r-devel-linux-x86_64-debian-clang, r-devel-linux-x86_64-debian-gcc, r-devel-linux-x86_64-fedora-clang, r-devel-linux-x86_64-fedora-gcc, r-devel-windows-x86_64, r-patched-linux-x86_64, r-release-linux-x86_64, r-release-macos-arm64, r-release-macos-x86_64, r-release-windows-x86_64, r-oldrel-macos-arm64, r-oldrel-macos-x86_64, r-oldrel-windows-x86_64